{"id":9,"date":"2014-02-04T11:58:39","date_gmt":"2014-02-04T09:58:39","guid":{"rendered":"http:\/\/wp.ffzg.unizg.hr\/apra\/?page_id=9"},"modified":"2021-07-07T11:57:15","modified_gmt":"2021-07-07T09:57:15","slug":"suradnici","status":"publish","type":"page","link":"https:\/\/arheo.ffzg.unizg.hr\/provincijalna\/?page_id=9","title":{"rendered":"Suradnici"},"content":{"rendered":"<h2>Tajni\u0161tvo:<\/h2>\n<p><strong>\u017deljka Vukeli\u0107, <\/strong>dipl. etnol. i polon. (tajnica)<br \/>\nradno vrijeme: 8:00 &#8211; 15:00<br \/>\ne-mail: <a href=\"mailto:zvukelic@ffzg.hr\">zvukelic@ffzg.hr<\/a>; <a href=\"mailto:arheologija@ffzg.hr\">arheologija@ffzg.hr<\/a><br \/>\ntel.\u00a0 00 385 1 6060 777<br \/>\nfax. 00 385 1 6156 879<\/p>\n<h2 style=\"text-align: justify;\">Terenska nastava:<\/h2>\n<p><img loading=\"lazy\" decoding=\"async\" class=\"alignnone wp-image-397\" src=\"https:\/\/arheo.ffzg.unizg.hr\/provincijalna\/wp-content\/uploads\/2014\/02\/ina.jpg\" alt=\"ina\" width=\"93\" height=\"117\" \/><\/p>\n<p style=\"text-align: justify;\">dr. sc. <strong>Ina Miloglav<\/strong>, doc., Katedra za arheometriju i metodologiju<br \/>\ne-mail: <a href=\"mailto:imilogla@ffzg.hr\">imilogla@ffzg.hr<\/a><br \/>\ntel. 00 385 1 6060 775<\/p>\n<p><img loading=\"lazy\" decoding=\"async\" class=\"alignnone wp-image-182\" src=\"https:\/\/arheo.ffzg.unizg.hr\/provincijalna\/wp-content\/uploads\/2014\/02\/martina.jpg\" alt=\"martina\" width=\"92\" height=\"116\" \/><\/p>\n<p><strong>Martina Ron\u010devi\u0107<\/strong>, dipl. arheologinja, dokumentaristica Odsjeka za arheologiju<br \/>\ne-mail: <a href=\"mailto:mroncevi@ffzg.hr\">mroncevi@ffzg.hr<\/a><br \/>\ntel. 00 385 1 6060 775<\/p>\n<p><img loading=\"lazy\" decoding=\"async\" class=\"alignleft  wp-image-2589\" src=\"https:\/\/arheo.ffzg.unizg.hr\/provincijalna\/wp-content\/uploads\/2021\/07\/vukovi\u0107.jpg\" alt=\"\" width=\"131\" height=\"131\" srcset=\"https:\/\/arheo.ffzg.unizg.hr\/provincijalna\/wp-content\/uploads\/2021\/07\/vukovi\u0107.jpg 200w, https:\/\/arheo.ffzg.unizg.hr\/provincijalna\/wp-content\/uploads\/2021\/07\/vukovi\u0107-150x150.jpg 150w\" sizes=\"auto, (max-width: 131px) 100vw, 131px\" \/><\/p>\n<p><strong>Miroslav Vukovi\u0107<\/strong>, mag. archaeol., dokumentarist Odsjeka za arheologiju<br \/>\ne-mail: <a href=\"mailto:mivukovic@ffzg.hr\">mivukovic@ffzg.hr<\/a><br \/>\ntel. 00 385 1 6060 775<\/p>\n<p><a href=\"https:\/\/arheo.ffzg.unizg.hr\/provincijalna\/wp-content\/uploads\/2014\/11\/Ana-e1415794863630.jpg\"><img loading=\"lazy\" decoding=\"async\" class=\"alignnone wp-image-1069\" src=\"https:\/\/arheo.ffzg.unizg.hr\/provincijalna\/wp-content\/uploads\/2014\/11\/Ana-e1415794863630-296x300.jpg\" alt=\"Ana\" width=\"117\" height=\"118\" srcset=\"https:\/\/arheo.ffzg.unizg.hr\/provincijalna\/wp-content\/uploads\/2014\/11\/Ana-e1415794863630-296x300.jpg 296w, https:\/\/arheo.ffzg.unizg.hr\/provincijalna\/wp-content\/uploads\/2014\/11\/Ana-e1415794863630-150x150.jpg 150w, https:\/\/arheo.ffzg.unizg.hr\/provincijalna\/wp-content\/uploads\/2014\/11\/Ana-e1415794863630-1013x1024.jpg 1013w, https:\/\/arheo.ffzg.unizg.hr\/provincijalna\/wp-content\/uploads\/2014\/11\/Ana-e1415794863630.jpg 1542w\" sizes=\"auto, (max-width: 117px) 100vw, 117px\" \/><\/a><\/p>\n<p>dr. sc.<strong> Ana Pavlovi\u0107<\/strong>, doc., Katedra za klasi\u010dnu arheologiju<br \/>\ne-mail: <a href=\"mailto:apavlovi3@ffzg.hr\" target=\"_blank\" rel=\"noopener noreferrer\">apavlovi3@ffzg.hr<\/a><br \/>\ntel. 00 385 1 6060 783<\/p>\n<h2 style=\"text-align: justify;\">Doktorand:<\/h2>\n<p><img loading=\"lazy\" decoding=\"async\" class=\"alignleft  wp-image-2460\" src=\"https:\/\/arheo.ffzg.unizg.hr\/provincijalna\/wp-content\/uploads\/2019\/03\/19247899_10213581386911758_4480829693660167082_n.jpg\" alt=\"\" width=\"106\" height=\"97\" \/><\/p>\n<p>mag. archaeol.<strong> Domagoj Bu\u017eani\u0107<\/strong>, stru\u010dni suradnik<br \/>\ne-mail: <a href=\"mailto:dbuzanic@ffzg.hr\"><span class=\"gI\"><span data-hovercard-id=\"dbuzanic@ffzg.hr\" data-hovercard-owner-id=\"29\">dbuzanic@ffzg.hr<\/span><\/span><\/a><br \/>\ntel. 00 385 1 6060 785<\/p>\n","protected":false},"excerpt":{"rendered":"<p>Tajni\u0161tvo: \u017deljka Vukeli\u0107, dipl. etnol. i polon. (tajnica) radno vrijeme: 8:00 &#8211; 15:00 e-mail: zvukelic@ffzg.hr; arheologija@ffzg.hr tel.\u00a0 00 385 1 6060 777 fax. 00 385 &hellip;<\/p>\n","protected":false},"author":3,"featured_media":0,"parent":11,"menu_order":0,"comment_status":"closed","ping_status":"closed","template":"","meta":{"footnotes":""},"class_list":["post-9","page","type-page","status-publish","hentry"],"_links":{"self":[{"href":"https:\/\/arheo.ffzg.unizg.hr\/provincijalna\/index.php?rest_route=\/wp\/v2\/pages\/9","targetHints":{"allow":["GET"]}}],"collection":[{"href":"https:\/\/arheo.ffzg.unizg.hr\/provincijalna\/index.php?rest_route=\/wp\/v2\/pages"}],"about":[{"href":"https:\/\/arheo.ffzg.unizg.hr\/provincijalna\/index.php?rest_route=\/wp\/v2\/types\/page"}],"author":[{"embeddable":true,"href":"https:\/\/arheo.ffzg.unizg.hr\/provincijalna\/index.php?rest_route=\/wp\/v2\/users\/3"}],"replies":[{"embeddable":true,"href":"https:\/\/arheo.ffzg.unizg.hr\/provincijalna\/index.php?rest_route=%2Fwp%2Fv2%2Fcomments&post=9"}],"version-history":[{"count":37,"href":"https:\/\/arheo.ffzg.unizg.hr\/provincijalna\/index.php?rest_route=\/wp\/v2\/pages\/9\/revisions"}],"predecessor-version":[{"id":2602,"href":"https:\/\/arheo.ffzg.unizg.hr\/provincijalna\/index.php?rest_route=\/wp\/v2\/pages\/9\/revisions\/2602"}],"up":[{"embeddable":true,"href":"https:\/\/arheo.ffzg.unizg.hr\/provincijalna\/index.php?rest_route=\/wp\/v2\/pages\/11"}],"wp:attachment":[{"href":"https:\/\/arheo.ffzg.unizg.hr\/provincijalna\/index.php?rest_route=%2Fwp%2Fv2%2Fmedia&parent=9"}],"curies":[{"name":"wp","href":"https:\/\/api.w.org\/{rel}","templated":true}]}}