{"id":40,"date":"2014-02-04T12:44:24","date_gmt":"2014-02-04T10:44:24","guid":{"rendered":"http:\/\/wp.ffzg.unizg.hr\/apra\/?page_id=40"},"modified":"2024-02-22T12:04:56","modified_gmt":"2024-02-22T10:04:56","slug":"alumni","status":"publish","type":"page","link":"https:\/\/arheo.ffzg.unizg.hr\/provincijalna\/?page_id=40","title":{"rendered":"Alumnae et Alumni"},"content":{"rendered":"<p><!-- [if gte mso 9]&gt;--><\/p>\n<p class=\"MsoBodyText\" style=\"text-align: justify;\"><span style=\"font-size: 12.0pt;\">Izidor Kr\u0161njavi je 1893. godine u svojstvu predstojnika (dana\u0161njim rje\u010dnikom ministra) Odjela za bogo\u0161tovlje i nastavu, a na temelju tada\u0161njeg sveu\u010dili\u0161nog zakona, dao odvojiti studij arheologije od studija povijesti umjetnosti na onda\u0161njem Mudroslovnom (danas Filozofskom) fakultetu zagreba\u010dkog Sveu\u010dili\u0161ta. Tim je aktom postavljen temelj studiju arheologije u Hrvatskoj kao zasebnoj znanstveno-nastavnoj sveu\u010dili\u0161noj disciplini. Iako se arheologija u\u010dila na zagreba\u010dkom Sveu\u010dili\u0161tu i prije, u kombinacijama s povije\u0161\u0107u umjetnosti, klasi\u010dnom filologijom ili povije\u0161\u0107u, 1893. godinu obilje\u017eavamo kao po\u010detak samostalne arheolo\u0161ke nastave. Na tako duga\u010dku tradiciju studija arheologije mo\u017eemo biti ponosni jer je i u svijetu, kad je rije\u010d o arheolo\u0161koj znanosti, malo takvih obljetnica. <\/span><\/p>\n<div id=\"attachment_243\" style=\"width: 181px\" class=\"wp-caption aligncenter\"><a href=\"https:\/\/arheo.ffzg.unizg.hr\/provincijalna\/wp-content\/uploads\/2014\/02\/Kr\u0161njavi.gif\"><img loading=\"lazy\" decoding=\"async\" aria-describedby=\"caption-attachment-243\" class=\"wp-image-243 \" src=\"https:\/\/arheo.ffzg.unizg.hr\/provincijalna\/wp-content\/uploads\/2014\/02\/Kr\u0161njavi.gif\" alt=\"Kr\u0161njavi\" width=\"171\" height=\"242\" \/><\/a><p id=\"caption-attachment-243\" class=\"wp-caption-text\">Portret Izidora Kr\u0161njavog (1845-1927)<\/p><\/div>\n<p class=\"MsoBodyText\" style=\"text-align: justify;\"><span style=\"font-size: 12.0pt;\">U po\u010detnim je godinama studij arheologije vodio Josip Brun\u0161mid, koji je 1896. godine izabran za izvanrednog te 1902. godine za redovitog profesora arheologije. Njegovim istodobnim djelovanjem na fakultetu i u Narodnom (danas Arheolo\u0161kom) muzeju u Zagrebu (a po onda\u0161njem pravilu du\u017enost profesora arheologije i ravnatelja Muzeja obavljala je jedna osoba), priskrbio je Josipu Brun\u0161midu titulu utemeljitelja arheolo\u0161ke znanosti u Hrvatskoj. Brun\u0161mida je 1924. godine naslijedio njegov u\u010denik Viktor Hoffiller koji je svoju du\u017enost isto tako uspje\u0161no obavljao gotovo trideset godina, naime do 1951. godine. Posebno je zanimljivo istaknuti kako je Hoffiller u okviru studija arheologije uspio anga\u017eirati i vi\u0161e suradnika. Tako se zapo\u010delo s predavanjima razli\u010ditih kolegija iz vi\u0161e arheolo\u0161kih znanstvenih grana, iz \u010dega su se zatim razvile samostalne katedre (Katedra za prapovijesnu arheologiju, Katedra za klasi\u010dnu arheologiju, Katedra za anti\u010dku provincijalnu i ranokr\u0161\u0107ansku arheologiju, Katedra za op\u0107u srednjovjekovnu i nacionalnu arheologiju, Katedra za arheometriju i metodologiju). Katedra za anti\u010dku provincijalnu i ranokr\u0161\u0107ansku arheologiju osnovana je 1953. godine.<br \/><\/span><\/p>\n<div id=\"attachment_241\" style=\"width: 184px\" class=\"wp-caption aligncenter\"><a href=\"https:\/\/arheo.ffzg.unizg.hr\/provincijalna\/wp-content\/uploads\/2014\/02\/x_b1185.jpg\"><img loading=\"lazy\" decoding=\"async\" aria-describedby=\"caption-attachment-241\" class=\" wp-image-241\" src=\"https:\/\/arheo.ffzg.unizg.hr\/provincijalna\/wp-content\/uploads\/2014\/02\/x_b1185-200x300.jpg\" alt=\"x_b1185\" width=\"174\" height=\"262\" \/><\/a><p id=\"caption-attachment-241\" class=\"wp-caption-text\">Josip Brun\u0161mid (1858-1929)<\/p><\/div>\n<p class=\"MsoBodyText\" style=\"text-align: justify;\"><span style=\"font-size: 12.0pt;\">Nakon Drugoga svjetskog rata du\u017enost ravnatelja Arheolo\u0161koga muzeja u Zagrebu, odvojila se od du\u017enosti profesora arheologije na Filozofskom fakultetu.<\/span><\/p>\n<div id=\"attachment_245\" style=\"width: 200px\" class=\"wp-caption aligncenter\"><a href=\"https:\/\/arheo.ffzg.unizg.hr\/provincijalna\/wp-content\/uploads\/2014\/02\/Scan0006.jpg\"><img loading=\"lazy\" decoding=\"async\" aria-describedby=\"caption-attachment-245\" class=\"wp-image-245 \" src=\"https:\/\/arheo.ffzg.unizg.hr\/provincijalna\/wp-content\/uploads\/2014\/02\/Scan0006-266x300.jpg\" alt=\"Scan0006\" width=\"190\" height=\"215\" srcset=\"https:\/\/arheo.ffzg.unizg.hr\/provincijalna\/wp-content\/uploads\/2014\/02\/Scan0006-266x300.jpg 266w, https:\/\/arheo.ffzg.unizg.hr\/provincijalna\/wp-content\/uploads\/2014\/02\/Scan0006.jpg 604w\" sizes=\"auto, (max-width: 190px) 100vw, 190px\" \/><\/a><p id=\"caption-attachment-245\" class=\"wp-caption-text\">Viktor Hoffiller (1877-1954)<\/p><\/div>\n<p class=\"MsoBodyText\" style=\"text-align: justify;\"><span style=\"font-size: 12.0pt;\">Studiranje arheologije od samog je po\u010detka zanimalo mlade ljude koji ne samo da su u visokom prosjeku uspje\u0161no diplomirali, nego se vi\u0161e njih posvetilo i znanstvenom radu, rade\u0107i na magisterijima i doktoratima.<\/span><\/p>\n<p class=\"MsoBodyText\" style=\"text-align: justify;\"><span style=\"font-size: 12.0pt;\">Na kraju se \u010dini primjerenim i aktualnim citirati najzaslu\u017enijeg i najslavnijeg hrvatskog arheologa don Franu Buli\u0107a koji je u jednom pismu napisao ove rije\u010di: \u201c&#8230;<i>\u010duje se ponegdje da je na\u0161 narod malen, te da je za nas klasi\u010dni i humanisti\u010dki odgoj jo\u0161 luksuz koji sam po sebi mogu priu\u0161titi samo veliki narodi. Nije to nikako tako, dapa\u010de \u0107u re\u0107i da je po meni, gotovo obratno.\u201d<\/i> <strong>(pismo je objavljeno u <em>Forumu<\/em> 7-9, Zagreb 2003, str. 1116-1120).<i>\u00a0<\/i><\/strong><\/span><b><\/b><\/p>\n<div id=\"attachment_249\" style=\"width: 236px\" class=\"wp-caption aligncenter\"><a href=\"https:\/\/arheo.ffzg.unizg.hr\/provincijalna\/wp-content\/uploads\/2014\/02\/Buli\u0107-i-Evans.jpg\"><img loading=\"lazy\" decoding=\"async\" aria-describedby=\"caption-attachment-249\" class=\" wp-image-249\" src=\"https:\/\/arheo.ffzg.unizg.hr\/provincijalna\/wp-content\/uploads\/2014\/02\/Buli\u0107-i-Evans-202x300.jpg\" alt=\"Buli\u0107 i Evans\" width=\"226\" height=\"335\" srcset=\"https:\/\/arheo.ffzg.unizg.hr\/provincijalna\/wp-content\/uploads\/2014\/02\/Buli\u0107-i-Evans-202x300.jpg 202w, https:\/\/arheo.ffzg.unizg.hr\/provincijalna\/wp-content\/uploads\/2014\/02\/Buli\u0107-i-Evans-690x1024.jpg 690w, https:\/\/arheo.ffzg.unizg.hr\/provincijalna\/wp-content\/uploads\/2014\/02\/Buli\u0107-i-Evans.jpg 904w\" sizes=\"auto, (max-width: 226px) 100vw, 226px\" \/><\/a><p id=\"caption-attachment-249\" class=\"wp-caption-text\">Don Frane Buli\u0107 i sir Arthur Evans ispred Jupiterovog hrama u Splitu 1932. god.<\/p><\/div>\n\n\n<p><\/p>\n\n\n\n<p class=\"has-text-align-center\"><a href=\"https:\/\/arheo.ffzg.unizg.hr\/provincijalna\/?page_id=42\">DIPLOMSKI RADOVI<\/a><\/p>\n\n\n\n<p class=\"has-text-align-center\"><a href=\"https:\/\/arheo.ffzg.unizg.hr\/provincijalna\/?page_id=48\">DIPLOMSKI RADOVI ZA STJECANJE TITULE MAGISTAR \/ MAGISTRA ARHEOLOGIJE<\/a><\/p>\n\n\n\n<p class=\"has-text-align-center\"><a href=\"https:\/\/arheo.ffzg.unizg.hr\/provincijalna\/?page_id=44\">MAGISTARSKI RADOVI<\/a><\/p>\n\n\n\n<p class=\"has-text-align-center\"><a href=\"https:\/\/arheo.ffzg.unizg.hr\/provincijalna\/?page_id=46\">DOKTORSKI RADOVI<\/a><\/p>\n","protected":false},"excerpt":{"rendered":"<p>Izidor Kr\u0161njavi je 1893. godine u svojstvu predstojnika (dana\u0161njim rje\u010dnikom ministra) Odjela za bogo\u0161tovlje i nastavu, a na temelju tada\u0161njeg sveu\u010dili\u0161nog zakona, dao odvojiti studij &hellip;<\/p>\n","protected":false},"author":3,"featured_media":117,"parent":0,"menu_order":0,"comment_status":"closed","ping_status":"closed","template":"","meta":{"footnotes":""},"class_list":["post-40","page","type-page","status-publish","has-post-thumbnail","hentry"],"_links":{"self":[{"href":"https:\/\/arheo.ffzg.unizg.hr\/provincijalna\/index.php?rest_route=\/wp\/v2\/pages\/40","targetHints":{"allow":["GET"]}}],"collection":[{"href":"https:\/\/arheo.ffzg.unizg.hr\/provincijalna\/index.php?rest_route=\/wp\/v2\/pages"}],"about":[{"href":"https:\/\/arheo.ffzg.unizg.hr\/provincijalna\/index.php?rest_route=\/wp\/v2\/types\/page"}],"author":[{"embeddable":true,"href":"https:\/\/arheo.ffzg.unizg.hr\/provincijalna\/index.php?rest_route=\/wp\/v2\/users\/3"}],"replies":[{"embeddable":true,"href":"https:\/\/arheo.ffzg.unizg.hr\/provincijalna\/index.php?rest_route=%2Fwp%2Fv2%2Fcomments&post=40"}],"version-history":[{"count":11,"href":"https:\/\/arheo.ffzg.unizg.hr\/provincijalna\/index.php?rest_route=\/wp\/v2\/pages\/40\/revisions"}],"predecessor-version":[{"id":2706,"href":"https:\/\/arheo.ffzg.unizg.hr\/provincijalna\/index.php?rest_route=\/wp\/v2\/pages\/40\/revisions\/2706"}],"wp:featuredmedia":[{"embeddable":true,"href":"https:\/\/arheo.ffzg.unizg.hr\/provincijalna\/index.php?rest_route=\/wp\/v2\/media\/117"}],"wp:attachment":[{"href":"https:\/\/arheo.ffzg.unizg.hr\/provincijalna\/index.php?rest_route=%2Fwp%2Fv2%2Fmedia&parent=40"}],"curies":[{"name":"wp","href":"https:\/\/api.w.org\/{rel}","templated":true}]}}