{"id":1873,"date":"2016-11-24T11:29:57","date_gmt":"2016-11-24T09:29:57","guid":{"rendered":"http:\/\/arheo.ffzg.unizg.hr\/provincijalna\/?page_id=1873"},"modified":"2017-11-23T18:34:46","modified_gmt":"2017-11-23T16:34:46","slug":"4th-international-conference-on-the-roman-danubian-provinces-traian-and-the-danubian-provinces","status":"publish","type":"page","link":"https:\/\/arheo.ffzg.unizg.hr\/provincijalna\/?page_id=1873","title":{"rendered":"4th International Conference on the Roman Danubian Provinces"},"content":{"rendered":"<p style=\"text-align: center;\"><a name=\"_Toc476666514\"><\/a><strong>4th International Conference on the Roman Danubian Provinces<\/strong><\/p>\n<p style=\"text-align: center;\"><strong>Traian and the Danubian Provinces<\/strong><\/p>\n<p style=\"text-align: center;\"><strong><em>The political, economic and religious life in the Danubian Provinces<\/em><\/strong><\/p>\n<p style=\"text-align: center;\">Zagreb &#8211; Croatia<\/p>\n<p style=\"text-align: center;\">November, 15th-17th, 2017.<\/p>\n<p style=\"text-align: justify;\">After the 1st and 2nd International Conference on the Roman Danubian Provinces both hosted by the \u201cLaboratorio di studi e ricerche sulle Antiche province Danubiane\u201d (LAD) of the University of Ferrara, and the 3rd International Conference on the Roman Danubian Provinces hosted by the \u201cDepartment of Ancient History and Antiquity Studies, Papyrology and Epigraphy\u201d of the University of Vienna, the \u201cDepartment of Archaeology\u201c of the Faculty of Humanities and Social Sciences of the University of Zagreb, gladly invites you to the 4th International Conference on the Roman Danubian Provinces.<\/p>\n<p style=\"text-align: justify;\">The conference will take place in Zagreb from Wednesday, November 15th to Friday, November 17th 2017. The organizing committee invites abstracts for papers on the topic Traian in the Roman Danubian Provinces.<\/p>\n<p><strong>Organizers:<\/strong><\/p>\n<p><strong>Domagoj Ton\u010dini\u0107<\/strong> (<a href=\"mailto:dtoncini@ffzg.hr\">dtoncini@ffzg.hr<\/a>)<\/p>\n<p>Katedra za anti\u010dku provincijalnu i ranokr\u0161\u0107ansku arheologiju<br \/>\nOdsjek za arheologiju<br \/>\nFilozofski fakultet Sveu\u010dili\u0161ta u Zagrebu<\/p>\n<p><strong>Livio Zerbini<\/strong> (<a href=\"mailto:zrl@unife.it\">zrl@unife.it<\/a>)<\/p>\n<p>Universit\u00e0 degli Studi di Ferrara<br \/>\nDirector of LAD<\/p>\n<p>&nbsp;<\/p>\n<p style=\"text-align: center;\"><strong><a href=\"https:\/\/arheo.ffzg.unizg.hr\/provincijalna\/wp-content\/uploads\/2016\/11\/4th-International-Conference-Call-for-Papers.pdf\">1st Call for Papers<\/a><\/strong><\/p>\n<p style=\"text-align: center;\"><strong><a href=\"https:\/\/arheo.ffzg.unizg.hr\/provincijalna\/wp-content\/uploads\/2016\/11\/4th-International-Conference-2nd-Call-for-Papers.pdf\">2nd Call for Papers<\/a><\/strong><\/p>\n<p style=\"text-align: center;\"><a href=\"https:\/\/arheo.ffzg.unizg.hr\/provincijalna\/wp-content\/uploads\/2017\/11\/4th-International-Conference-Program-Summarys-Participants.pdf\"><strong>Program and Abstracts Book<\/strong><\/a><\/p>\n<p style=\"text-align: center;\"><a href=\"http:\/\/www.ffzg.unizg.hr\/romicro\/?page_id=1963\" target=\"_blank\" rel=\"noopener\"><strong>Photo Gallery<\/strong><\/a><\/p>\n<p style=\"text-align: center;\"><strong>Useful information:<\/strong><\/p>\n<p style=\"text-align: center;\"><a title=\"HOW TO REACH US\" href=\"https:\/\/arheo.ffzg.unizg.hr\/provincijalna\/?page_id=1904\">Conference venue<\/a><\/p>\n<p style=\"text-align: center;\"><a href=\"https:\/\/arheo.ffzg.unizg.hr\/provincijalna\/?page_id=1916\">Accommodation<\/a><\/p>\n<p style=\"text-align: justify;\">\u00a0<a href=\"https:\/\/arheo.ffzg.unizg.hr\/provincijalna\/wp-content\/uploads\/2014\/11\/HRZZlogojpg.jpg\"><img loading=\"lazy\" decoding=\"async\" class=\"alignnone wp-image-1077\" src=\"https:\/\/arheo.ffzg.unizg.hr\/provincijalna\/wp-content\/uploads\/2014\/11\/HRZZlogojpg-300x150.jpg\" alt=\"HRZZlogojpg\" width=\"220\" height=\"110\" srcset=\"https:\/\/arheo.ffzg.unizg.hr\/provincijalna\/wp-content\/uploads\/2014\/11\/HRZZlogojpg-300x150.jpg 300w, https:\/\/arheo.ffzg.unizg.hr\/provincijalna\/wp-content\/uploads\/2014\/11\/HRZZlogojpg.jpg 400w\" sizes=\"auto, (max-width: 220px) 100vw, 220px\" \/><\/a> Supported by <a href=\"http:\/\/www.hrzz.hr\/default.aspx?id=47\" target=\"_blank\" rel=\"noopener\">Croatian Science Foundation<\/a> under the project <a href=\"http:\/\/www.ffzg.unizg.hr\/romicro\/\" target=\"_blank\" rel=\"noopener\">6505 Between the Danube and the Mediterranean. Exploring the role of Roman military in the mobility of people and goods in Croatia during the Roman Era<\/a><\/p>\n","protected":false},"excerpt":{"rendered":"<p>4th International Conference on the Roman Danubian Provinces Traian and the Danubian Provinces The political, economic and religious life in the Danubian Provinces Zagreb &#8211; &hellip;<\/p>\n","protected":false},"author":2,"featured_media":0,"parent":310,"menu_order":0,"comment_status":"closed","ping_status":"closed","template":"","meta":{"footnotes":""},"class_list":["post-1873","page","type-page","status-publish","hentry"],"_links":{"self":[{"href":"https:\/\/arheo.ffzg.unizg.hr\/provincijalna\/index.php?rest_route=\/wp\/v2\/pages\/1873","targetHints":{"allow":["GET"]}}],"collection":[{"href":"https:\/\/arheo.ffzg.unizg.hr\/provincijalna\/index.php?rest_route=\/wp\/v2\/pages"}],"about":[{"href":"https:\/\/arheo.ffzg.unizg.hr\/provincijalna\/index.php?rest_route=\/wp\/v2\/types\/page"}],"author":[{"embeddable":true,"href":"https:\/\/arheo.ffzg.unizg.hr\/provincijalna\/index.php?rest_route=\/wp\/v2\/users\/2"}],"replies":[{"embeddable":true,"href":"https:\/\/arheo.ffzg.unizg.hr\/provincijalna\/index.php?rest_route=%2Fwp%2Fv2%2Fcomments&post=1873"}],"version-history":[{"count":48,"href":"https:\/\/arheo.ffzg.unizg.hr\/provincijalna\/index.php?rest_route=\/wp\/v2\/pages\/1873\/revisions"}],"predecessor-version":[{"id":2211,"href":"https:\/\/arheo.ffzg.unizg.hr\/provincijalna\/index.php?rest_route=\/wp\/v2\/pages\/1873\/revisions\/2211"}],"up":[{"embeddable":true,"href":"https:\/\/arheo.ffzg.unizg.hr\/provincijalna\/index.php?rest_route=\/wp\/v2\/pages\/310"}],"wp:attachment":[{"href":"https:\/\/arheo.ffzg.unizg.hr\/provincijalna\/index.php?rest_route=%2Fwp%2Fv2%2Fmedia&parent=1873"}],"curies":[{"name":"wp","href":"https:\/\/api.w.org\/{rel}","templated":true}]}}

<p style="text-align: center;"><a name="_Toc476666514"></a><strong>4th International Conference on the Roman Danubian Provinces</strong></p>
<p style="text-align: center;"><strong>Traian and the Danubian Provinces</strong></p>
<p style="text-align: center;"><strong><em>The political, economic and religious life in the Danubian Provinces</em></strong></p>
<p style="text-align: center;">Zagreb &#8211; Croatia</p>
<p style="text-align: center;">November, 15th-17th, 2017.</p>
<p style="text-align: justify;">After the 1st and 2nd International Conference on the Roman Danubian Provinces both hosted by the “Laboratorio di studi e ricerche sulle Antiche province Danubiane” (LAD) of the University of Ferrara, and the 3rd International Conference on the Roman Danubian Provinces hosted by the “Department of Ancient History and Antiquity Studies, Papyrology and Epigraphy” of the University of Vienna, the “Department of Archaeology“ of the Faculty of Humanities and Social Sciences of the University of Zagreb, gladly invites you to the 4th International Conference on the Roman Danubian Provinces.</p>
<p style="text-align: justify;">The conference will take place in Zagreb from Wednesday, November 15th to Friday, November 17th 2017. The organizing committee invites abstracts for papers on the topic Traian in the Roman Danubian Provinces.</p>
<p><strong>Organizers:</strong></p>
<p><strong>Domagoj Tončinić</strong> (<a href="mailto:dtoncini@ffzg.hr">dtoncini@ffzg.hr</a>)</p>
<p>Katedra za antičku provincijalnu i ranokršćansku arheologiju<br />
Odsjek za arheologiju<br />
Filozofski fakultet Sveučilišta u Zagrebu</p>
<p><strong>Livio Zerbini</strong> (<a href="mailto:zrl@unife.it">zrl@unife.it</a>)</p>
<p>Università degli Studi di Ferrara<br />
Director of LAD</p>
<p>&nbsp;</p>
<p style="text-align: center;"><strong><a href="https://arheo.ffzg.unizg.hr/provincijalna/wp-content/uploads/2016/11/4th-International-Conference-Call-for-Papers.pdf">1st Call for Papers</a></strong></p>
<p style="text-align: center;"><strong><a href="https://arheo.ffzg.unizg.hr/provincijalna/wp-content/uploads/2016/11/4th-International-Conference-2nd-Call-for-Papers.pdf">2nd Call for Papers</a></strong></p>
<p style="text-align: center;"><a href="https://arheo.ffzg.unizg.hr/provincijalna/wp-content/uploads/2017/11/4th-International-Conference-Program-Summarys-Participants.pdf"><strong>Program and Abstracts Book</strong></a></p>
<p style="text-align: center;"><a href="http://www.ffzg.unizg.hr/romicro/?page_id=1963" target="_blank" rel="noopener"><strong>Photo Gallery</strong></a></p>
<p style="text-align: center;"><strong>Useful information:</strong></p>
<p style="text-align: center;"><a title="HOW TO REACH US" href="https://arheo.ffzg.unizg.hr/provincijalna/?page_id=1904">Conference venue</a></p>
<p style="text-align: center;"><a href="https://arheo.ffzg.unizg.hr/provincijalna/?page_id=1916">Accommodation</a></p>
<p style="text-align: justify;"> <a href="https://arheo.ffzg.unizg.hr/provincijalna/wp-content/uploads/2014/11/HRZZlogojpg.jpg"><img loading="lazy" decoding="async" class="alignnone wp-image-1077" src="https://arheo.ffzg.unizg.hr/provincijalna/wp-content/uploads/2014/11/HRZZlogojpg-300x150.jpg" alt="HRZZlogojpg" width="220" height="110" srcset="https://arheo.ffzg.unizg.hr/provincijalna/wp-content/uploads/2014/11/HRZZlogojpg-300x150.jpg 300w, https://arheo.ffzg.unizg.hr/provincijalna/wp-content/uploads/2014/11/HRZZlogojpg.jpg 400w" sizes="auto, (max-width: 220px) 100vw, 220px" /></a> Supported by <a href="http://www.hrzz.hr/default.aspx?id=47" target="_blank" rel="noopener">Croatian Science Foundation</a> under the project <a href="http://www.ffzg.unizg.hr/romicro/" target="_blank" rel="noopener">6505 Between the Danube and the Mediterranean. Exploring the role of Roman military in the mobility of people and goods in Croatia during the Roman Era</a></p>
