{"id":1866,"date":"2016-11-21T11:14:17","date_gmt":"2016-11-21T09:14:17","guid":{"rendered":"http:\/\/arheo.ffzg.unizg.hr\/provincijalna\/?page_id=1866"},"modified":"2017-11-23T18:32:47","modified_gmt":"2017-11-23T16:32:47","slug":"poanta-hrzz","status":"publish","type":"page","link":"https:\/\/arheo.ffzg.unizg.hr\/provincijalna\/?page_id=1866","title":{"rendered":"POANTA (HRZZ)"},"content":{"rendered":"<h3><strong>Pojmovnik anti\u010dke arheologije &#8211; stru\u010dna terminologija iz arheologije anti\u010dkoga razdoblja \u2013 POANTA (Struna-2016-05-05)<\/strong><\/h3>\n<p style=\"text-align: justify;\">Arheolo\u0161ka struka svakodnevno se susre\u0107e s problemom hrvatskog strukovnog nazivlja. Do danas u Hrvatskoj nije izra\u0111en cjeloviti arheolo\u0161ki terminolo\u0161ki rje\u010dnik, koji bi obuhvatio sva arheolo\u0161ka razdoblja i sve aspekte arheolo\u0161ke struke. Ipak, zna\u010dajni korak u poku\u0161aju rje\u0161avanja tog problema je u\u010dinjen. Naime, Hrvatska zaklada za znanost provodi financiranje projekta Struna s ciljem izrade baze podataka hrvatskog strukovnog nazivlja. U sklopu toga projekta do sada je realiziran i objavljen \u201ePojmovnik kamenoga doba\u201c (autori Ivor Karavani\u0107 et al.), koji donosi arheolo\u0161ki terminolo\u0161ki rje\u010dnik za kameno doba.<\/p>\n<p style=\"text-align: justify;\">Projekt Pojmovnik anti\u010dke arheologije &#8211; stru\u010dna terminologija iz arheologije anti\u010dkoga razdoblja &#8211; POANTA ima za cilj nastavak toga pojmovnika kroz izgradnju hrvatskog strukovnog nazivlja za anti\u010dku arheologiju. Voditelj projekta je doc. dr. sc. Domagoja Ton\u010dini\u0107a, a suradnici su red. prof. dr. sc. Mirjana Sanader, red. prof. dr. sc. Marina Mili\u0107evi\u0107 Brada\u010d, stru\u010dna suradnica dr. sc. Zrinka \u0160imi\u0107 Kanaet, muzejski savjetnik dr. sc. Tomislav \u0160eparovi\u0107, v. asist. dr. sc. Iva Kai\u0107, muzejska savjetnica dr. sc. Zrinka Buljevi\u0107, muzejska savjetnica dr. sc. Sanja Iv\u010devi\u0107, asistentica dr. sc. Vinka Bubi\u0107 te suradnice iz Instituta za hrvatski jezik i jezikoslovlje dr. sc. Ivana Bra\u010d i dr. sc. Tomislava Bo\u0161njak Botica. Predvi\u0111eno trajanje projekta je 18 mjeseci, od 1. rujna 2016. do 28. velja\u010de 2018. god.<\/p>\n<p style=\"text-align: justify;\">Projekt predvi\u0111a terminolo\u0161ku obradu oko 1500 temeljnih pojmova iz anti\u010dke arheologije. Suradnici arheolozi zajedno sa suradnikom-terminologom obradit \u0107e pojmove prema podru\u010djima unutar grane anti\u010dke arheologije. Provedba projekta va\u017ena je za usustavljivanje hrvatskog strukovnog nazivlja anti\u010dke arheologije, \u010dime \u0107e projekt doprinijeti uspostavi norme za stru\u010dnu terminologiju anti\u010dke arheologije. Javna dostupnost pojmova u bazi Struna omogu\u0107it \u0107e da ti pojmovi u\u0111u u struku i po\u010dnu se aktivno koristiti, \u010dime \u0107e se omogu\u0107iti \u017eeljeno usustavljivanje. Izradom pojmovnika anti\u010dke arheologije po prvi puta \u0107e se omogu\u0107iti uspostavljanje norme u hrvatskoj stru\u010dnoj terminologiji za granu anti\u010dke arheologije. Upotreba pojmovnika omogu\u0107it \u0107e stru\u010dnjacima i znanstvenicima koji prou\u010davaju anti\u010dku arheologiju, kao i srodne struke, kori\u0161tenje ujedna\u010dene terminologije. Time \u0107e se omogu\u0107iti standardizacija stru\u010dne terminologije, a ujedno \u0107e se i potaknuti kori\u0161tenje hrvatskog nazivlja u stru\u010dnoj arheolo\u0161koj literaturi umjesto u\u010destalog kori\u0161tenja tu\u0111ica. Ovaj \u0107e pojmovnik osobito koristiti nastavnicima i studentima anti\u010dke arheologije, kao i stru\u010dnjacima i studentima arheologiji srodnih struka.<\/p>\n<p><span style=\"color: #ff0000;\"><strong>AKTIVNOSTI<\/strong><\/span><\/p>\n<ol>\n<li>Na Filozofskom fakultetu Sveu\u010dili\u0161ta u Zagrebu 07.09.2016. odr\u017eano je inicijalno <a href=\"https:\/\/arheo.ffzg.unizg.hr\/provincijalna\/wp-content\/uploads\/2017\/03\/Pozivnica-predstavljanje-07.09.2016..pdf\">predstavljanje projekta<\/a> kako bi se stru\u010dna i akademska zajednica upoznala s temom i ciljevima projekta.<\/li>\n<li>doc. dr. sc. Domagoj Ton\u010dini\u0107 i suradnici 05.10.2016. god. predstavili su projekt Hrvatske zaklade za znanost <a href=\"https:\/\/arheo.ffzg.unizg.hr\/provincijalna\/wp-content\/uploads\/2017\/03\/programBjelovar-1.pdf\">&#8220;Pojmovnik anti\u010dke arheologije \u2013 stru\u010dna terminologija iz arheologije anti\u010dkog razdoblja \u2013 POANTA&#8221;<\/a> na skupu Hrvatskog arheolo\u0161kog dru\u0161tva <a href=\"http:\/\/www.hrvatskoarheoloskodrustvo.hr\/bjelovar.html\">Arheolo\u0161ka istra\u017eivanja Bjelovarsko-bilogorske \u017eupanije i okolnih krajeva, Bjelovar, 3.-7.10.2016.<\/a><\/li>\n<li>Na Institutu za hrvatski jezik i jezikoslovlje 17.10.2016. u sklopu projekta odr\u017eana je <em>Prva terminolo\u0161ka radionica<\/em> s temama &#8220;Uvod u terminologiju&#8221;, &#8220;Ontologija i pojmovni sustav&#8221;,\u00a0 &#8220;Odnos leksikologije i terminologije, te leksikografije i terminografije&#8221; i &#8220;Javno pretra\u017eivanje Strune, konzultiranje terminolo\u0161kih i ostalih resursa&#8221;. Radionicu su vodili suradnici iz Instituta za hrvatski jezik i jezikoslovlje.<\/li>\n<li>U sklopu usavr\u0161avanja \u010dlanova projekta\u00a0 suradnici na projektu prisustvovali su me\u0111unarodnoj konferenciji vezanoj uz stru\u010dnu terminologiju <a href=\"http:\/\/2016.ttt-conference.com\/\">&#8220;The 4th International Translation Technology Terminology Conference (TTT), Portoro\u017e 2016&#8221;<\/a> koja se odr\u017eala u Portoro\u017eu 20. i 21.10.2016.<\/li>\n<li>Na Filozofskom fakultetu Sveu\u010dili\u0161ta u Zagrebu 14.11.2016. u sklopu projekta odr\u017eani su radni sastanak voditelja i suradnika na projektu te <em>Druga terminolo\u0161ka radionica<\/em> s temom &#8220;Terminolo\u0161ka definicija&#8221;, koju su vodili suradnici iz Instituta za hrvatski jezik i jezikoslovlje.<\/li>\n<li>Na Filozofskom fakultetu Sveu\u010dili\u0161ta u Zagrebu 27.02.2017. u sklopu projekta odr\u017eani su radni sastanak voditelja i suradnika na projektu te <em>Tre\u0107a terminolo\u0161ka radionica<\/em>\u00a0 s temom \u201eNa\u010dela odabira i tvorbe naziva\u201c, koju su vodili suradnici iz Instituta za hrvatski jezik i jezikoslovlje.<\/li>\n<li>Na Filozofskom fakultetu Sveu\u010dili\u0161ta u Zagrebu odr\u017ean je 27.02.2017. god. okrugli stol <a href=\"https:\/\/arheo.ffzg.unizg.hr\/provincijalna\/wp-content\/uploads\/2017\/03\/Okrugli-stol-POANTA-pozivnica.pdf\">Stru\u010dna terminologija anti\u010dke arheologije<\/a>, na kojem se raspravljalo o problematici hrvatskog strukovnog nazivlja u anti\u010dkoj arheologiji.<\/li>\n<li>U Arheolo\u0161kom muzeju Split odr\u017ean je 03.07.2017. god. <a href=\"https:\/\/arheo.ffzg.unizg.hr\/provincijalna\/wp-content\/uploads\/2017\/09\/POANTA-Radni-sastanak-srpanj-2017.pdf\">radni sastanak<\/a> voditelja i \u010dlanova projekta.<\/li>\n<li>Na znanstvenom skupu Hrvatskog arheolo\u0161kog dru\u0161tva<a href=\"http:\/\/www.hrvatskoarheoloskodrustvo.hr\/dokumenti_files\/Knjiga%20sa%C5%BEetaka%20kastel%202017.pdf\" target=\"_blank\" rel=\"noopener\"> <em>Okolica Ka\u0161telanskog zaljeva u pro\u0161losti, Ka\u0161tela, o2.-06. listopada 2017.\u00a0 <\/em><\/a>u srijedu, 04. listopada 2017. god. odr\u017eano je <a href=\"http:\/\/www.hrvatskoarheoloskodrustvo.hr\/dokumenti_files\/program_Kastel%20Luksic%202017.pdf\" target=\"_blank\" rel=\"noopener\">predstavljanje projekta<\/a> i teku\u0107ih rezultata proiza\u0161lih iz njega. Tom je prigodom odr\u017ean i\u00a0 <a href=\"https:\/\/arheo.ffzg.unizg.hr\/provincijalna\/wp-content\/uploads\/2017\/10\/Prezentacija1.pdf\" target=\"_blank\" rel=\"noopener\">radni sastanak<\/a> voditelja i suradnika na projektu.<\/li>\n<li>\u00a0Na Filozofskom fakultetu Sveu\u010dili\u0161ta u Zagrebu 17.11.2017. u sklopu projekta odr\u017eani su radni sastanak voditelja i suradnika na projektu te<em>\u00a0<\/em><a href=\"https:\/\/arheo.ffzg.unizg.hr\/provincijalna\/wp-content\/uploads\/2017\/11\/POANTA-Cetvrta-radionica.pdf\" target=\"_blank\" rel=\"noopener\"><em> \u010cetvrta terminolo\u0161ka radionica<\/em><\/a>,<em>\u00a0<\/em>koju su vodili suradnici iz Instituta za hrvatski jezik i jezikoslovlje.<\/li>\n<\/ol>\n<p><img loading=\"lazy\" decoding=\"async\" class=\"alignleft wp-image-2150\" src=\"https:\/\/arheo.ffzg.unizg.hr\/provincijalna\/wp-content\/uploads\/2016\/11\/hrzz-300x125.jpg\" alt=\"\" width=\"175\" height=\"73\" srcset=\"https:\/\/arheo.ffzg.unizg.hr\/provincijalna\/wp-content\/uploads\/2016\/11\/hrzz-300x125.jpg 300w, https:\/\/arheo.ffzg.unizg.hr\/provincijalna\/wp-content\/uploads\/2016\/11\/hrzz-768x320.jpg 768w, https:\/\/arheo.ffzg.unizg.hr\/provincijalna\/wp-content\/uploads\/2016\/11\/hrzz.jpg 800w\" sizes=\"auto, (max-width: 175px) 100vw, 175px\" \/><\/p>\n<p>&nbsp;<\/p>\n<p>Ovaj projekt financira <a href=\"http:\/\/www.hrzz.hr\/default.aspx?id=2358\">Hrvatska zaklada za znanost<\/a>.<\/p>\n","protected":false},"excerpt":{"rendered":"<p>Pojmovnik anti\u010dke arheologije &#8211; stru\u010dna terminologija iz arheologije anti\u010dkoga razdoblja \u2013 POANTA (Struna-2016-05-05) Arheolo\u0161ka struka svakodnevno se susre\u0107e s problemom hrvatskog strukovnog nazivlja. Do danas &hellip;<\/p>\n","protected":false},"author":2,"featured_media":0,"parent":15,"menu_order":0,"comment_status":"closed","ping_status":"closed","template":"","meta":{"footnotes":""},"class_list":["post-1866","page","type-page","status-publish","hentry"],"_links":{"self":[{"href":"https:\/\/arheo.ffzg.unizg.hr\/provincijalna\/index.php?rest_route=\/wp\/v2\/pages\/1866","targetHints":{"allow":["GET"]}}],"collection":[{"href":"https:\/\/arheo.ffzg.unizg.hr\/provincijalna\/index.php?rest_route=\/wp\/v2\/pages"}],"about":[{"href":"https:\/\/arheo.ffzg.unizg.hr\/provincijalna\/index.php?rest_route=\/wp\/v2\/types\/page"}],"author":[{"embeddable":true,"href":"https:\/\/arheo.ffzg.unizg.hr\/provincijalna\/index.php?rest_route=\/wp\/v2\/users\/2"}],"replies":[{"embeddable":true,"href":"https:\/\/arheo.ffzg.unizg.hr\/provincijalna\/index.php?rest_route=%2Fwp%2Fv2%2Fcomments&post=1866"}],"version-history":[{"count":26,"href":"https:\/\/arheo.ffzg.unizg.hr\/provincijalna\/index.php?rest_route=\/wp\/v2\/pages\/1866\/revisions"}],"predecessor-version":[{"id":2210,"href":"https:\/\/arheo.ffzg.unizg.hr\/provincijalna\/index.php?rest_route=\/wp\/v2\/pages\/1866\/revisions\/2210"}],"up":[{"embeddable":true,"href":"https:\/\/arheo.ffzg.unizg.hr\/provincijalna\/index.php?rest_route=\/wp\/v2\/pages\/15"}],"wp:attachment":[{"href":"https:\/\/arheo.ffzg.unizg.hr\/provincijalna\/index.php?rest_route=%2Fwp%2Fv2%2Fmedia&parent=1866"}],"curies":[{"name":"wp","href":"https:\/\/api.w.org\/{rel}","templated":true}]}}