{"id":6301,"date":"2022-06-15T12:54:11","date_gmt":"2022-06-15T10:54:11","guid":{"rendered":"https:\/\/arheo.ffzg.unizg.hr\/?page_id=6301"},"modified":"2022-06-15T13:10:44","modified_gmt":"2022-06-15T11:10:44","slug":"europski-dani-arheologije-2022","status":"publish","type":"page","link":"https:\/\/arheo.ffzg.unizg.hr\/?page_id=6301","title":{"rendered":"EUROPSKI DANI ARHEOLOGIJE 2022"},"content":{"rendered":"<p><span style=\"color: #ff0000;\"><strong>Europski dani arheologije \/ Journ\u00e9es Europ\u00e9ennes de l\u2019arch\u00e9ologie \/ European Archaeology Days i na Filozofskom fakultetu!<\/strong><\/span><\/p>\n<p><a href=\"https:\/\/arheo.ffzg.unizg.hr\/wp-content\/uploads\/2022\/06\/FB_IMG_16552908109332.jpg\"><img loading=\"lazy\" decoding=\"async\" class=\"alignleft size-full wp-image-6304\" src=\"https:\/\/arheo.ffzg.unizg.hr\/wp-content\/uploads\/2022\/06\/FB_IMG_16552908109332.jpg\" alt=\"\" width=\"720\" height=\"303\" srcset=\"https:\/\/arheo.ffzg.unizg.hr\/wp-content\/uploads\/2022\/06\/FB_IMG_16552908109332.jpg 720w, https:\/\/arheo.ffzg.unizg.hr\/wp-content\/uploads\/2022\/06\/FB_IMG_16552908109332-300x126.jpg 300w, https:\/\/arheo.ffzg.unizg.hr\/wp-content\/uploads\/2022\/06\/FB_IMG_16552908109332-624x263.jpg 624w\" sizes=\"auto, (max-width: 720px) 100vw, 720px\" \/><\/a><\/p>\n<p>Odsjek za arheologiju s veseljem vas poziva da u sklopu Europskih dana arheologije posjetite Filozofski fakultet i uklju\u010dite se u radionicu arheolo\u0161kog crtanja!<\/p>\n<p><strong>Radionica \u2013 <span style=\"color: #ff0000;\">OD PREDMETA DO CRTE\u017dA<\/span><\/strong><\/p>\n<p><strong>Datum: subota, 18.6.2022.<\/strong><\/p>\n<p><strong>Vrijeme: 10.00-14.00 h<\/strong><\/p>\n<p><strong>Mjesto odr\u017eavanja: \u00a0<\/strong>Radionica \u0107e se odvijati u prostoriji <strong>C025<\/strong> (Arheolo\u0161ki praktikum) u <strong>glavnoj zgradi Filozofskog fakulteta<\/strong> (<em>pitati na porti kako do\u0107i do prostorije<\/em>)<\/p>\n<p><strong>Opis radionice:<\/strong><\/p>\n<p>Zanima te \u0161to arheolozi rade s predmetima koje prona\u0111u tijekom svojih istra\u017eivanja? Za\u0161to i kako crtaju predmete od kamena, keramike ili metala? Ova kreativna radionica upoznat \u0107e te s arheolo\u0161kim nalazima i s na\u010dinom kako se od jednog ulomka mo\u017ee nacrtati i rekonstruirati \u010ditavi predmet. Do\u0111i i nau\u010di kako izraditi crte\u017ee pravih arheolo\u0161kih nalaza.<\/p>\n<p><strong>Dob polaznika: <\/strong>\u0161kolska djeca u dobi od 7 do 11 godina (od 1. do 4. razreda osnovne \u0161kole)<\/p>\n<p><strong>Kontakt \/ prijava za radionicu: Martina Ron\u010devi\u0107 \u2013 <a href=\"mailto:mroncevi@ffzg.hr\">mroncevi@ffzg.hr<\/a><\/strong><\/p>\n\n\t\t<style type=\"text\/css\">\n\t\t\t#gallery-1 {\n\t\t\t\tmargin: auto;\n\t\t\t}\n\t\t\t#gallery-1 .gallery-item {\n\t\t\t\tfloat: left;\n\t\t\t\tmargin-top: 10px;\n\t\t\t\ttext-align: center;\n\t\t\t\twidth: 33%;\n\t\t\t}\n\t\t\t#gallery-1 img {\n\t\t\t\tborder: 2px solid #cfcfcf;\n\t\t\t}\n\t\t\t#gallery-1 .gallery-caption {\n\t\t\t\tmargin-left: 0;\n\t\t\t}\n\t\t\t\/* see gallery_shortcode() in wp-includes\/media.php *\/\n\t\t<\/style>\n\t\t<div id='gallery-1' class='gallery galleryid-6301 gallery-columns-3 gallery-size-thumbnail'><dl class='gallery-item'>\n\t\t\t<dt class='gallery-icon landscape'>\n\t\t\t\t<a href='https:\/\/arheo.ffzg.unizg.hr\/?attachment_id=6305'><img loading=\"lazy\" decoding=\"async\" width=\"150\" height=\"150\" src=\"https:\/\/arheo.ffzg.unizg.hr\/wp-content\/uploads\/2022\/06\/IMG-20220613-WA0001-150x150.jpg\" class=\"attachment-thumbnail size-thumbnail\" alt=\"\" \/><\/a>\n\t\t\t<\/dt><\/dl><dl class='gallery-item'>\n\t\t\t<dt class='gallery-icon portrait'>\n\t\t\t\t<a href='https:\/\/arheo.ffzg.unizg.hr\/?attachment_id=6306'><img loading=\"lazy\" decoding=\"async\" width=\"150\" height=\"150\" src=\"https:\/\/arheo.ffzg.unizg.hr\/wp-content\/uploads\/2022\/06\/IMG-20220613-WA0002-150x150.jpg\" class=\"attachment-thumbnail size-thumbnail\" alt=\"\" \/><\/a>\n\t\t\t<\/dt><\/dl><dl class='gallery-item'>\n\t\t\t<dt class='gallery-icon portrait'>\n\t\t\t\t<a href='https:\/\/arheo.ffzg.unizg.hr\/?attachment_id=6307'><img loading=\"lazy\" decoding=\"async\" width=\"150\" height=\"150\" src=\"https:\/\/arheo.ffzg.unizg.hr\/wp-content\/uploads\/2022\/06\/IMG-20220613-WA0000-150x150.jpg\" class=\"attachment-thumbnail size-thumbnail\" alt=\"\" \/><\/a>\n\t\t\t<\/dt><\/dl><br style=\"clear: both\" \/>\n\t\t<\/div>\n\n","protected":false},"excerpt":{"rendered":"<p>Europski dani arheologije \/ Journ\u00e9es Europ\u00e9ennes de l\u2019arch\u00e9ologie \/ European Archaeology Days i na Filozofskom fakultetu! Odsjek za arheologiju s veseljem vas poziva da u sklopu Europskih dana arheologije posjetite Filozofski fakultet i uklju\u010dite se u radionicu arheolo\u0161kog crtanja! Radionica \u2013 OD PREDMETA DO CRTE\u017dA Datum: subota, 18.6.2022. Vrijeme: 10.00-14.00 h Mjesto odr\u017eavanja: \u00a0Radionica \u0107e [&hellip;]<\/p>\n","protected":false},"author":5,"featured_media":0,"parent":0,"menu_order":0,"comment_status":"closed","ping_status":"closed","template":"","meta":{"footnotes":""},"class_list":["post-6301","page","type-page","status-publish","hentry"],"_links":{"self":[{"href":"https:\/\/arheo.ffzg.unizg.hr\/index.php?rest_route=\/wp\/v2\/pages\/6301","targetHints":{"allow":["GET"]}}],"collection":[{"href":"https:\/\/arheo.ffzg.unizg.hr\/index.php?rest_route=\/wp\/v2\/pages"}],"about":[{"href":"https:\/\/arheo.ffzg.unizg.hr\/index.php?rest_route=\/wp\/v2\/types\/page"}],"author":[{"embeddable":true,"href":"https:\/\/arheo.ffzg.unizg.hr\/index.php?rest_route=\/wp\/v2\/users\/5"}],"replies":[{"embeddable":true,"href":"https:\/\/arheo.ffzg.unizg.hr\/index.php?rest_route=%2Fwp%2Fv2%2Fcomments&post=6301"}],"version-history":[{"count":3,"href":"https:\/\/arheo.ffzg.unizg.hr\/index.php?rest_route=\/wp\/v2\/pages\/6301\/revisions"}],"predecessor-version":[{"id":6309,"href":"https:\/\/arheo.ffzg.unizg.hr\/index.php?rest_route=\/wp\/v2\/pages\/6301\/revisions\/6309"}],"wp:attachment":[{"href":"https:\/\/arheo.ffzg.unizg.hr\/index.php?rest_route=%2Fwp%2Fv2%2Fmedia&parent=6301"}],"curies":[{"name":"wp","href":"https:\/\/api.w.org\/{rel}","templated":true}]}}

<p><span style="color: #ff0000;"><strong>Europski dani arheologije / Journées Européennes de l’archéologie / European Archaeology Days i na Filozofskom fakultetu!</strong></span></p>
<p><a href="https://arheo.ffzg.unizg.hr/wp-content/uploads/2022/06/FB_IMG_16552908109332.jpg"><img loading="lazy" decoding="async" class="alignleft size-full wp-image-6304" src="https://arheo.ffzg.unizg.hr/wp-content/uploads/2022/06/FB_IMG_16552908109332.jpg" alt="" width="720" height="303" srcset="https://arheo.ffzg.unizg.hr/wp-content/uploads/2022/06/FB_IMG_16552908109332.jpg 720w, https://arheo.ffzg.unizg.hr/wp-content/uploads/2022/06/FB_IMG_16552908109332-300x126.jpg 300w, https://arheo.ffzg.unizg.hr/wp-content/uploads/2022/06/FB_IMG_16552908109332-624x263.jpg 624w" sizes="auto, (max-width: 720px) 100vw, 720px" /></a></p>
<p>Odsjek za arheologiju s veseljem vas poziva da u sklopu Europskih dana arheologije posjetite Filozofski fakultet i uključite se u radionicu arheološkog crtanja!</p>
<p><strong>Radionica – <span style="color: #ff0000;">OD PREDMETA DO CRTEŽA</span></strong></p>
<p><strong>Datum: subota, 18.6.2022.</strong></p>
<p><strong>Vrijeme: 10.00-14.00 h</strong></p>
<p><strong>Mjesto održavanja:  </strong>Radionica će se odvijati u prostoriji <strong>C025</strong> (Arheološki praktikum) u <strong>glavnoj zgradi Filozofskog fakulteta</strong> (<em>pitati na porti kako doći do prostorije</em>)</p>
<p><strong>Opis radionice:</strong></p>
<p>Zanima te što arheolozi rade s predmetima koje pronađu tijekom svojih istraživanja? Zašto i kako crtaju predmete od kamena, keramike ili metala? Ova kreativna radionica upoznat će te s arheološkim nalazima i s načinom kako se od jednog ulomka može nacrtati i rekonstruirati čitavi predmet. Dođi i nauči kako izraditi crteže pravih arheoloških nalaza.</p>
<p><strong>Dob polaznika: </strong>školska djeca u dobi od 7 do 11 godina (od 1. do 4. razreda osnovne škole)</p>
<p><strong>Kontakt / prijava za radionicu: Martina Rončević – <a href="mailto:mroncevi@ffzg.hr">mroncevi@ffzg.hr</a></strong></p>

		<style type="text/css">
			#gallery-1 {
				margin: auto;
			}
			#gallery-1 .gallery-item {
				float: left;
				margin-top: 10px;
				text-align: center;
				width: 33%;
			}
			#gallery-1 img {
				border: 2px solid #cfcfcf;
			}
			#gallery-1 .gallery-caption {
				margin-left: 0;
			}
			/* see gallery_shortcode() in wp-includes/media.php */
		</style>
		<div id='gallery-1' class='gallery galleryid-6301 gallery-columns-3 gallery-size-thumbnail'><dl class='gallery-item'>
			<dt class='gallery-icon landscape'>
				<a href='https://arheo.ffzg.unizg.hr/?attachment_id=6305'><img loading="lazy" decoding="async" width="150" height="150" src="https://arheo.ffzg.unizg.hr/wp-content/uploads/2022/06/IMG-20220613-WA0001-150x150.jpg" class="attachment-thumbnail size-thumbnail" alt="" /></a>
			</dt></dl><dl class='gallery-item'>
			<dt class='gallery-icon portrait'>
				<a href='https://arheo.ffzg.unizg.hr/?attachment_id=6306'><img loading="lazy" decoding="async" width="150" height="150" src="https://arheo.ffzg.unizg.hr/wp-content/uploads/2022/06/IMG-20220613-WA0002-150x150.jpg" class="attachment-thumbnail size-thumbnail" alt="" /></a>
			</dt></dl><dl class='gallery-item'>
			<dt class='gallery-icon portrait'>
				<a href='https://arheo.ffzg.unizg.hr/?attachment_id=6307'><img loading="lazy" decoding="async" width="150" height="150" src="https://arheo.ffzg.unizg.hr/wp-content/uploads/2022/06/IMG-20220613-WA0000-150x150.jpg" class="attachment-thumbnail size-thumbnail" alt="" /></a>
			</dt></dl><br style="clear: both" />
		</div>

<p>Europski dani arheologije / Journées Européennes de l’archéologie / European Archaeology Days i na Filozofskom fakultetu! Odsjek za arheologiju s veseljem vas poziva da u sklopu Europskih dana arheologije posjetite Filozofski fakultet i uključite se u radionicu arheološkog crtanja! Radionica – OD PREDMETA DO CRTEŽA Datum: subota, 18.6.2022. Vrijeme: 10.00-14.00 h Mjesto održavanja:  Radionica će [&hellip;]</p>
