{"id":444,"date":"2014-11-04T10:03:26","date_gmt":"2014-11-04T09:03:26","guid":{"rendered":"http:\/\/wp.ffzg.unizg.hr\/arheo2\/?page_id=444"},"modified":"2019-09-12T11:41:56","modified_gmt":"2019-09-12T09:41:56","slug":"diplomski-studij-arheologije-srednji-vijek","status":"publish","type":"page","link":"https:\/\/arheo.ffzg.unizg.hr\/?page_id=444","title":{"rendered":"Jednopredmetni diplomski studij arheologije &#8211; srednji vijek"},"content":{"rendered":"<p>&nbsp;<\/p>\n<table width=\"838\">\n<tbody>\n<tr>\n<td colspan=\"2\" width=\"689\"><span style=\"color: #ff6600;\"><strong>DIPLOMSKI STUDIJ ARHEOLOGIJE &#8211; SREDNJOVJEKOVNA ARHEOLOGIJA<\/strong><\/span><\/td>\n<td width=\"85\"><\/td>\n<td width=\"64\"><\/td>\n<\/tr>\n<tr>\n<td><\/td>\n<td><\/td>\n<td><\/td>\n<td><\/td>\n<\/tr>\n<tr>\n<td colspan=\"4\"><span style=\"color: #ff6600;\">PRVA GODINA STUDIJA<\/span><\/td>\n<\/tr>\n<tr>\n<td colspan=\"4\"><span style=\"color: #3366ff;\">1. semestar<\/span><\/td>\n<\/tr>\n<tr>\n<td colspan=\"4\"><span style=\"color: #000000;\">1. Obavezni predmeti<\/span><\/td>\n<\/tr>\n<tr>\n<td>Filipec, K.<\/td>\n<td>Germani u Panoniji<\/td>\n<td>0P+30S+0V<\/td>\n<td>5 ECTS<\/td>\n<\/tr>\n<tr>\n<td>Jarak, M.<\/td>\n<td>Predromani\u010dka i ranoromani\u010dka arhitektura<\/td>\n<td>30P+0S+0V<\/td>\n<td>5 ECTS<\/td>\n<\/tr>\n<tr>\n<td>Durman, A.<\/td>\n<td>Tehnolo\u0161ki razvoj i ekologija u arheologiji<\/td>\n<td>30P+0S+0V<\/td>\n<td>5 ECTS<\/td>\n<\/tr>\n<tr>\n<td>Jarak, M.<\/td>\n<td>Seminar iz srednjovjekovne arhitekture<\/td>\n<td>0P+30S+0V<\/td>\n<td>5 ECTS<\/td>\n<\/tr>\n<tr>\n<td><\/td>\n<td><\/td>\n<td><\/td>\n<td><\/td>\n<\/tr>\n<tr>\n<td><\/td>\n<td><\/td>\n<td><\/td>\n<td><\/td>\n<\/tr>\n<tr>\n<td colspan=\"4\"><span style=\"color: #000000;\">2. Kolegiji s unutarnjom izborno\u0161\u0107u &#8211; odabrati najmanje 3 ECTS bodova<\/span><\/td>\n<\/tr>\n<tr>\n<td>Hincak, Z.<\/td>\n<td>Biolo\u0161ke zna\u010dajke populacija srednjovjekovne Europe<\/td>\n<td>30P+0S+0V<\/td>\n<td>3 ECTS<\/td>\n<\/tr>\n<tr>\n<td>Durman, A.<\/p>\n<p>Demicheli, D.<\/td>\n<td>Eksperimentalna arheologija<\/p>\n<p>Latinski jezik za arheologe II<\/td>\n<td>0P+30S+0V<\/p>\n<p>0P+30S+0V<\/td>\n<td>5 ECTS<\/p>\n<p>3 ECTS<\/td>\n<\/tr>\n<tr>\n<td colspan=\"4\"><span style=\"color: #000000;\">3. Izborni kolegiji &#8211; odabrati najmanje 2 ECTS boda<\/span><\/td>\n<\/tr>\n<tr>\n<td>Hincak, Z.<\/td>\n<td>Biolo\u0161ke zna\u010dajke populacije srednjovjekovne Europe<\/td>\n<td>30P+0S+0V<\/td>\n<td>3 ECTS<\/td>\n<\/tr>\n<tr>\n<td>Durman, A.<\/p>\n<p>Demicheli, D.<\/td>\n<td>Eksperimentalna arheologija<\/p>\n<p>Latinski jezik za arheologe II<\/p>\n<p>+ Fakultetska izbornost<\/td>\n<td>0P+30S+0V<\/p>\n<p>0P+30S+0V<\/td>\n<td>5 ECTS<\/p>\n<p>3 ECTS<\/td>\n<\/tr>\n<tr>\n<td colspan=\"4\"><span style=\"color: #3366ff;\">2. semestar<\/span><\/td>\n<\/tr>\n<tr>\n<td colspan=\"4\"><span style=\"color: #000000;\">1. Obavezni predmeti<\/span><\/td>\n<\/tr>\n<tr>\n<td>Filipec, K.<\/td>\n<td>Arheologija Avara i Slavena od 6. st. do 9. st.<\/td>\n<td>30P+0S+0V<\/td>\n<td>5 ECTS<\/td>\n<\/tr>\n<tr>\n<td>Filipec, K., Kai\u0107, I.<\/td>\n<td>Avarska groblja i naselja u Karpatskoj kotlini<\/td>\n<td>0P+30S+0V<\/td>\n<td>5 ECTS<\/td>\n<\/tr>\n<tr>\n<td>Filipec, K., Azinovi\u0107 Bebek, A.<\/td>\n<td>Germanska groblja i nalazi ranoga srednjega vijeka<\/td>\n<td>30P+0S+0V<\/td>\n<td>5 ECTS<\/td>\n<\/tr>\n<tr>\n<td>Jarak, M.<\/td>\n<td>Ranosrednjovjekovna plastika<\/td>\n<td>30P+0S+0V<\/td>\n<td>5 ECTS<\/td>\n<\/tr>\n<tr>\n<td colspan=\"4\"><span style=\"color: #000000;\">2. Kolegiji s unutarnjom izborno\u0161\u0107u &#8211; Odabrati najmanje 5 ECTS bodova<\/span><\/td>\n<\/tr>\n<tr>\n<td>Hincak, Z.<\/td>\n<td>Forenzi\u010dna osteologija<\/td>\n<td>30P+0S+0V<\/td>\n<td>3 ECTS<\/td>\n<\/tr>\n<tr>\n<td>Filipec, K.<\/td>\n<td>Formiranje slavenskih dr\u017eava u srednjoj Europi<\/td>\n<td>30P+0S+0V<\/td>\n<td>3 ECTS<\/td>\n<\/tr>\n<tr>\n<td>Filipec, K., Jarak, M., Pavlovi\u0107, A.<\/td>\n<td>Srednjovjekovna numizmatika<\/td>\n<td>30P+0S+0V<\/td>\n<td>3 ECTS<\/td>\n<\/tr>\n<tr>\n<td>Jarak, M.<\/td>\n<td>Seminar iz srednjovjekovne plastike<\/td>\n<td>0P+30S+0V<\/td>\n<td>5 ECTS<\/td>\n<\/tr>\n<tr>\n<td><\/td>\n<td>Terenska nastava<\/td>\n<td>0P+0S+120V<\/td>\n<td>5 ECTS<\/td>\n<\/tr>\n<tr>\n<td>&nbsp;Miloglav, I.<\/td>\n<td>Metodologija arheolo\u0161kih istra\u017eivanja<\/td>\n<td>30P+0S+0V<\/td>\n<td>3 ECTS<\/td>\n<\/tr>\n<tr>\n<td colspan=\"4\"><span style=\"color: #000000;\">3. Izborni kolegiji &#8211; Odabrati najmanje 2 ECTS boda<\/span><\/td>\n<\/tr>\n<tr>\n<td colspan=\"4\"><span style=\"color: #000000;\">3.1. Kolegiji s odsjeka<\/span><\/td>\n<\/tr>\n<tr>\n<td>Hincak, Z.<\/td>\n<td>Forenzi\u010dka osteologija<\/td>\n<td>30P+0S+0V<\/td>\n<td>3 ECTS<\/td>\n<\/tr>\n<tr>\n<td>Filipec, K.<\/td>\n<td>Formiranje slavenskih dr\u017eava u srednjoj Europi<\/td>\n<td>30P+0S+0V<\/td>\n<td>3 ECTS<\/td>\n<\/tr>\n<tr>\n<td>Jarak, M.<\/td>\n<td>Seminar iz srednjovjekovne plastike<\/td>\n<td>0P+30S+0V<\/td>\n<td>5 ECTS<\/td>\n<\/tr>\n<tr>\n<td>Filipec, K., Jarak, M., Pavlovi\u0107, A.<\/p>\n<p>&nbsp;<\/td>\n<td>Srednjovjekovna numizmatika<\/p>\n<p>Terenska nastava<\/td>\n<td>30P+0S+0V<\/p>\n<p>0P+0S+120V<\/td>\n<td>5 ECTS<\/p>\n<p>5 ECTS<\/td>\n<\/tr>\n<tr>\n<td colspan=\"4\"><span style=\"color: #000000;\">3.2. Fakultetska ponuda<\/span><\/td>\n<\/tr>\n<tr>\n<td><\/td>\n<td><\/td>\n<td><\/td>\n<td><\/td>\n<\/tr>\n<tr>\n<td><\/td>\n<td><\/td>\n<td><\/td>\n<td><\/td>\n<\/tr>\n<tr>\n<td colspan=\"4\" width=\"838\"><span style=\"color: #ff6600;\">DRUGA GODINA STUDIJA<\/span><\/td>\n<\/tr>\n<tr>\n<td colspan=\"4\"><span style=\"color: #3366ff;\">3. semestar<\/span><\/td>\n<\/tr>\n<tr>\n<td colspan=\"4\"><span style=\"color: #000000;\">1. Obavezni predmeti<\/span><\/td>\n<\/tr>\n<tr>\n<td>Filipec, K., Tkal\u010dec, T.<\/td>\n<td>Arheologija kasnog srednjeg i novog vijeka<\/td>\n<td>30P+0S+0V<\/td>\n<td>5 ECTS<\/td>\n<\/tr>\n<tr>\n<td><\/td>\n<td><\/td>\n<td><\/td>\n<td><\/td>\n<\/tr>\n<tr>\n<td>Jarak, M.<\/td>\n<td>Seminar iz arheologije srednjovjekovnih grobalja<\/td>\n<td>0P+30S+0V<\/td>\n<td>5 ECTS<\/td>\n<\/tr>\n<tr>\n<td>Filipec, K., Tkal\u010dec, T.<\/td>\n<td>Srednjovjekovna keramika<\/td>\n<td>0P+30S+0V<\/td>\n<td>5 ECTS<\/td>\n<\/tr>\n<tr>\n<td>Jarak, M.<\/td>\n<td>Starohrvatska groblja od 7. do 11. st.<\/td>\n<td>30P+0S+0V<\/td>\n<td>5 ECTS<\/td>\n<\/tr>\n<tr>\n<td><\/td>\n<td><\/td>\n<td><\/td>\n<td><\/td>\n<\/tr>\n<tr>\n<td colspan=\"4\"><span style=\"color: #000000;\">2. Kolegiji s unutarnjom izborno\u0161\u0107u &#8211; odabrati 5 ECTS bodova<\/span><\/td>\n<\/tr>\n<tr>\n<td>Jarak, M.<\/td>\n<td>Bizantska arhitektura, slikarstvo i mozaici<\/td>\n<td>30P+0S+0V<\/td>\n<td>3 ECTS<\/td>\n<\/tr>\n<tr>\n<td>Matijevi\u0107-Sokol, M.<\/td>\n<td>Srednjovjekovna epigrafija<\/td>\n<td>30P+0S+0V<\/td>\n<td>5 ECTS<\/td>\n<\/tr>\n<tr>\n<td colspan=\"4\"><span style=\"color: #000000;\">3. Izborni kolegiji &#8211; odabrati najmanje 5 ECTS bodova<\/span><\/td>\n<\/tr>\n<tr>\n<td>Jarak, M.<\/td>\n<td>Bizantska arhitektura, slikarstvo i mozaici<\/td>\n<td>30P+0S+0V<\/td>\n<td>3 ECTS<\/td>\n<\/tr>\n<tr>\n<td>Matijevi\u0107-Sokol, M.<\/p>\n<p>&nbsp;<\/td>\n<td>Srednjovjekovna epigrafija<\/p>\n<p>+ Fakultetska izbornost<\/td>\n<td>30P+0S+0V<\/p>\n<p>&nbsp;<\/td>\n<td>5 ECTS<\/p>\n<p>&nbsp;<\/td>\n<\/tr>\n<tr>\n<td colspan=\"4\"><span style=\"color: #3366ff;\">4. semestar<\/span><\/td>\n<\/tr>\n<tr>\n<td><\/td>\n<td><\/td>\n<td><\/td>\n<td><\/td>\n<\/tr>\n<tr>\n<td colspan=\"4\"><span style=\"color: #000000;\">1. Obavezni predmeti<\/span><\/td>\n<\/tr>\n<tr>\n<td><\/td>\n<td>Diplomski rad na studiju Arheologije<\/td>\n<td>0P+0S+0V<\/td>\n<td>30 ECTS<\/td>\n<\/tr>\n<\/tbody>\n<\/table>\n","protected":false},"excerpt":{"rendered":"<p>&nbsp; DIPLOMSKI STUDIJ ARHEOLOGIJE &#8211; SREDNJOVJEKOVNA ARHEOLOGIJA PRVA GODINA STUDIJA 1. semestar 1. Obavezni predmeti Filipec, K. Germani u Panoniji 0P+30S+0V 5 ECTS Jarak, M. Predromani\u010dka i ranoromani\u010dka arhitektura 30P+0S+0V 5 ECTS Durman, A. Tehnolo\u0161ki razvoj i ekologija u arheologiji 30P+0S+0V 5 ECTS Jarak, M. Seminar iz srednjovjekovne arhitekture 0P+30S+0V 5 ECTS 2. Kolegiji s [&hellip;]<\/p>\n","protected":false},"author":3,"featured_media":0,"parent":207,"menu_order":0,"comment_status":"closed","ping_status":"closed","template":"","meta":{"footnotes":""},"class_list":["post-444","page","type-page","status-publish","hentry"],"_links":{"self":[{"href":"https:\/\/arheo.ffzg.unizg.hr\/index.php?rest_route=\/wp\/v2\/pages\/444","targetHints":{"allow":["GET"]}}],"collection":[{"href":"https:\/\/arheo.ffzg.unizg.hr\/index.php?rest_route=\/wp\/v2\/pages"}],"about":[{"href":"https:\/\/arheo.ffzg.unizg.hr\/index.php?rest_route=\/wp\/v2\/types\/page"}],"author":[{"embeddable":true,"href":"https:\/\/arheo.ffzg.unizg.hr\/index.php?rest_route=\/wp\/v2\/users\/3"}],"replies":[{"embeddable":true,"href":"https:\/\/arheo.ffzg.unizg.hr\/index.php?rest_route=%2Fwp%2Fv2%2Fcomments&post=444"}],"version-history":[{"count":4,"href":"https:\/\/arheo.ffzg.unizg.hr\/index.php?rest_route=\/wp\/v2\/pages\/444\/revisions"}],"predecessor-version":[{"id":4589,"href":"https:\/\/arheo.ffzg.unizg.hr\/index.php?rest_route=\/wp\/v2\/pages\/444\/revisions\/4589"}],"up":[{"embeddable":true,"href":"https:\/\/arheo.ffzg.unizg.hr\/index.php?rest_route=\/wp\/v2\/pages\/207"}],"wp:attachment":[{"href":"https:\/\/arheo.ffzg.unizg.hr\/index.php?rest_route=%2Fwp%2Fv2%2Fmedia&parent=444"}],"curies":[{"name":"wp","href":"https:\/\/api.w.org\/{rel}","templated":true}]}}