{"id":237,"date":"2014-10-29T11:05:27","date_gmt":"2014-10-29T10:05:27","guid":{"rendered":"http:\/\/wp.ffzg.unizg.hr\/arheo2\/?page_id=237"},"modified":"2025-11-21T11:13:13","modified_gmt":"2025-11-21T10:13:13","slug":"studentski-predstavnici","status":"publish","type":"page","link":"https:\/\/arheo.ffzg.unizg.hr\/?page_id=237","title":{"rendered":"Studentski predstavnici"},"content":{"rendered":"<p><strong><span style=\"color: #ff6600;\">Studentski predstavnici za akad. god. 2025.\/26.:<\/span><\/strong><\/p>\n<p><span style=\"color: #333399;\"><strong>Prijediplomski studij<\/strong>:<\/span><\/p>\n<p>I. godina<br \/>\nNera Petri\u010devi\u0107 (npetricev@m.ffzg.hr)<br \/>\nZamjenica: Maja Padovan (mpadovan@m.ffzg.h)<\/p>\n<p>II. godina<br \/>\nLeonarda Sto\u0161i\u0107 (lstosic@m.ffzg.hr)<br \/>\nZamjenica: Katja Korotaj (kkorotaj@m.ffzg.hr)<\/p>\n<p>III. godina<br \/>\nAnja Hemen (ahemen@m.ffzg.hr)<br \/>\nZamjenik: Vid \u0110o\u0111o (vdjodjo@m.ffzg.hr)<\/p>\n<p><span style=\"color: #333399;\"><strong>Diplomski studij:<\/strong><\/span><\/p>\n<p>I. godina<br \/>\nNikolas Na\u0111 (ninadj@m.ffzg.hr)<br \/>\nZamjenik: Jakov Duki\u0107 (jadukic@m.ffzg.hr)<\/p>\n<p>II. godina<br \/>\nMislav Godanj (mgodanj@m.ffzg.hr)<br \/>\nZamjenik: Roko Hladilo (rhladilo@m.ffzg.hr)<\/p>\n","protected":false},"excerpt":{"rendered":"<p>Studentski predstavnici za akad. god. 2025.\/26.: Prijediplomski studij: I. godina Nera Petri\u010devi\u0107 (npetricev@m.ffzg.hr) Zamjenica: Maja Padovan (mpadovan@m.ffzg.h) II. godina Leonarda Sto\u0161i\u0107 (lstosic@m.ffzg.hr) Zamjenica: Katja Korotaj (kkorotaj@m.ffzg.hr) III. godina Anja Hemen (ahemen@m.ffzg.hr) Zamjenik: Vid \u0110o\u0111o (vdjodjo@m.ffzg.hr) Diplomski studij: I. godina Nikolas Na\u0111 (ninadj@m.ffzg.hr) Zamjenik: Jakov Duki\u0107 (jadukic@m.ffzg.hr) II. godina Mislav Godanj (mgodanj@m.ffzg.hr) Zamjenik: Roko Hladilo (rhladilo@m.ffzg.hr)<\/p>\n","protected":false},"author":3,"featured_media":0,"parent":0,"menu_order":0,"comment_status":"closed","ping_status":"closed","template":"","meta":{"footnotes":""},"class_list":["post-237","page","type-page","status-publish","hentry"],"_links":{"self":[{"href":"https:\/\/arheo.ffzg.unizg.hr\/index.php?rest_route=\/wp\/v2\/pages\/237","targetHints":{"allow":["GET"]}}],"collection":[{"href":"https:\/\/arheo.ffzg.unizg.hr\/index.php?rest_route=\/wp\/v2\/pages"}],"about":[{"href":"https:\/\/arheo.ffzg.unizg.hr\/index.php?rest_route=\/wp\/v2\/types\/page"}],"author":[{"embeddable":true,"href":"https:\/\/arheo.ffzg.unizg.hr\/index.php?rest_route=\/wp\/v2\/users\/3"}],"replies":[{"embeddable":true,"href":"https:\/\/arheo.ffzg.unizg.hr\/index.php?rest_route=%2Fwp%2Fv2%2Fcomments&post=237"}],"version-history":[{"count":14,"href":"https:\/\/arheo.ffzg.unizg.hr\/index.php?rest_route=\/wp\/v2\/pages\/237\/revisions"}],"predecessor-version":[{"id":8388,"href":"https:\/\/arheo.ffzg.unizg.hr\/index.php?rest_route=\/wp\/v2\/pages\/237\/revisions\/8388"}],"wp:attachment":[{"href":"https:\/\/arheo.ffzg.unizg.hr\/index.php?rest_route=%2Fwp%2Fv2%2Fmedia&parent=237"}],"curies":[{"name":"wp","href":"https:\/\/api.w.org\/{rel}","templated":true}]}}