{"id":184,"date":"2014-10-29T10:22:46","date_gmt":"2014-10-29T09:22:46","guid":{"rendered":"http:\/\/wp.ffzg.unizg.hr\/arheo2\/?page_id=184"},"modified":"2019-09-20T15:32:29","modified_gmt":"2019-09-20T13:32:29","slug":"silabi","status":"publish","type":"page","link":"https:\/\/arheo.ffzg.unizg.hr\/?page_id=184","title":{"rendered":"Silabi"},"content":{"rendered":"<p><strong><span style=\"color: #ff6600;\">PREDDIPLOMSKI STUDIJ ARHEOLOGIJE &#8211; JEDNOPREDMETNI STUDIJ<\/span><br \/>\n<\/strong><\/p>\n<p>1. SEMESTER<\/p>\n<ul>\n<li><a href=\"https:\/\/arheo.ffzg.unizg.hr\/wp-content\/uploads\/2014\/10\/syll_TTG_Uvod-u-prapovijesnu-arheologiju.pdf\">Uvod u prapovijesnu arheologiju<\/a>, 3 ECTS<\/li>\n<li><a href=\"https:\/\/arheo.ffzg.unizg.hr\/wp-content\/uploads\/2014\/10\/syll_MB_Neolitik-Hrvatske-u-kontekstu-srednje-i-jugoistocne-Europe.pdf\">Neolitik Hrvatske u kontekstu srednje i jugoistocne Europe<\/a>, 6 ECTS<\/li>\n<li><a href=\"https:\/\/arheo.ffzg.unizg.hr\/wp-content\/uploads\/2014\/10\/syll_DRa_Arheologija-i-mediji.pdf\">Arheologija i mediji<\/a>, 3 ECTS<\/li>\n<li><a href=\"https:\/\/arheo.ffzg.unizg.hr\/wp-content\/uploads\/2014\/10\/syll_IM_Dokumentiranje-arheoloskih-nalaza.pdf\">Dokumentiranje arheoloskih nalaza<\/a>, 3 ECTS<\/li>\n<li><a href=\"https:\/\/arheo.ffzg.unizg.hr\/wp-content\/uploads\/2014\/10\/syll_AD_Nacela-arheoloskih-istrazivanja.pdf\">Na\u010dela arheolo\u0161kih istra\u017eivanja<\/a>, 3 ECTS<\/li>\n<li><a href=\"https:\/\/arheo.ffzg.unizg.hr\/wp-content\/uploads\/2014\/10\/syll_NV_Paleoliticki-lovci-i-sakupljaci.pdf\">Paleoliti\u010dki lovci i sakuplja\u010di<\/a>\u00a0+ <a href=\"https:\/\/arheo.ffzg.unizg.hr\/wp-content\/uploads\/2014\/10\/syll_RSK_Paleolitik-i-mezolitik-Hrvatske-proseminar.pdf\">Paleolitik i mezolitik Hrvatske proseminar<\/a>, 6 ECTS<\/li>\n<li>Stru\u010dni izlet i posjet muzeju I, 1 ECTS<\/li>\n<li><a href=\"https:\/\/arheo.ffzg.unizg.hr\/wp-content\/uploads\/2014\/10\/syll_KF_Uvod-u-slavensku-arheologiju.pdf\">Uvod u slavensku arheologiju<\/a>, 3 ECTS<\/li>\n<\/ul>\n<p>3. SEMESTER<\/p>\n<ul>\n<li><a href=\"https:\/\/arheo.ffzg.unizg.hr\/wp-content\/uploads\/2014\/10\/syll_ZH_-Arheologija-bioloskih-ostataka.pdf\">Arheologija biolo\u0161kih ostataka<\/a>, 3 ECTS<\/li>\n<li><a href=\"https:\/\/arheo.ffzg.unizg.hr\/wp-content\/uploads\/2014\/10\/syll_AAB_Arheologija-i-povijest-srednjeg-vijeka.pdf\">Arheologija i povijest srednjeg vijeka<\/a>, 3 ECTS<\/li>\n<li><a href=\"https:\/\/arheo.ffzg.unizg.hr\/wp-content\/uploads\/2014\/10\/syll_JMM_Broncano-doba-Hrvatske-u-kontekstu-srednje-i-jugoistocne-Europe.pdf\">Bron\u010dano doba Hrvatske u kontekstu srednje i jugoisto\u010dne Europe<\/a>\u00a0+ <a href=\"https:\/\/arheo.ffzg.unizg.hr\/wp-content\/uploads\/2014\/10\/syll_JMM_Arheologija-broncanog-doba-I.pdf\">Arheologija bron\u010danog doba I<\/a>, 6 ECTS<\/li>\n<li><a href=\"https:\/\/arheo.ffzg.unizg.hr\/wp-content\/uploads\/2014\/10\/syll_MR_Crtanje-arheoloskih-pokretnih-spomenika.pdf\">Crtanje pokretnih arheolo\u0161kih nalaza<\/a>, 2 ECTS<\/li>\n<li><a href=\"https:\/\/arheo.ffzg.unizg.hr\/wp-content\/uploads\/2014\/10\/syll_HT_Mikenska-epigrafija.pdf\">Mikenska epigrafija<\/a>, 3 ECTS<\/li>\n<li><a href=\"https:\/\/arheo.ffzg.unizg.hr\/wp-content\/uploads\/2019\/09\/OSNOVE-EGEJSKE-ARHEOLOGIJE-2019-20.pdf\" target=\"_blank\" rel=\"noopener noreferrer\">Osnove egejske arheologije<\/a>, 5 ECTS<\/li>\n<li><a href=\"https:\/\/arheo.ffzg.unizg.hr\/wp-content\/uploads\/2018\/09\/Osnove-I.2018.pdf\">Osnove klasi\u010dne arheologije I<\/a>, 5 ECTS<\/li>\n<li><a href=\"https:\/\/arheo.ffzg.unizg.hr\/wp-content\/uploads\/2014\/10\/syll_ZSK_Proseminar-iz-klasicne-arheologije.pdf\">Proseminar iz klasi\u010dne arheologije<\/a>, 3 ECTS<\/li>\n<li>Stru\u010dni izlet i posjet muzeju III, 1 ECTS<\/li>\n<li><a href=\"https:\/\/arheo.ffzg.unizg.hr\/wp-content\/uploads\/2014\/10\/syll_ZH_Zooarheologija.pdf\">Zooarheologija<\/a>, 3 ECTS<\/li>\n<\/ul>\n<p>5. SEMESTER<\/p>\n<ul>\n<li><a href=\"https:\/\/arheo.ffzg.unizg.hr\/wp-content\/uploads\/2017\/10\/Syll_Uvod-u-provincijalnu-arheologiju-Proseminar-iz-provincijalne-arheologije.pdf\" target=\"_blank\" rel=\"noopener noreferrer\">Uvod u provincijalnu arheologiju<\/a>, 5 ECTS<\/li>\n<li><a href=\"https:\/\/arheo.ffzg.unizg.hr\/wp-content\/uploads\/2014\/10\/syll_DD_Epigrafika1.pdf\">Epigrafika<\/a>, 3 ECTS<\/li>\n<li><a href=\"https:\/\/arheo.ffzg.unizg.hr\/wp-content\/uploads\/2014\/10\/Syll_MS_Iliri-Grci-i-Rimljani-u-Iliriku.pdf\">Iliri Grci i Rimljani u Iliriku<\/a>, 5 ECTS<\/li>\n<li><a href=\"https:\/\/arheo.ffzg.unizg.hr\/wp-content\/uploads\/2014\/10\/syll_HT_Mikenska-epigrafija1.pdf\">Mikenska epigrafija<\/a>, 3 ECTS<\/li>\n<li><a href=\"https:\/\/arheo.ffzg.unizg.hr\/wp-content\/uploads\/2014\/10\/syll_AP_Numizmatika.pdf\">Numizmatika<\/a>, 3 ECTS<\/li>\n<li><a href=\"https:\/\/arheo.ffzg.unizg.hr\/wp-content\/uploads\/2014\/10\/syll_JS_Opca-srednjovjekovna-arheologija.pdf\">Op\u0107a srednjovjekovna arheologija<\/a>, 3 ECTS<\/li>\n<li>Stru\u010dni izlet i posjet muzeju V, 1 ECTS<\/li>\n<li><a href=\"https:\/\/arheo.ffzg.unizg.hr\/wp-content\/uploads\/2015\/10\/Syll_Svakodnevni-\u017eivot-u-rimskim-provincijama-_51124_-DT-pregledao.pdf\" target=\"_blank\" rel=\"noopener noreferrer\">Svakodnevni \u017eivot u rimskim provincijama<\/a>, 2 ECTS<\/li>\n<li><a href=\"https:\/\/arheo.ffzg.unizg.hr\/wp-content\/uploads\/2014\/10\/syll_KF_Velika-seoba-naroda.pdf\">Velika seoba naroda<\/a>, 5 ECTS<\/li>\n<li><a href=\"https:\/\/arheo.ffzg.unizg.hr\/provincijalna\/wp-content\/uploads\/2017\/10\/Syllabus-Autohtoni-rimski-i-orijentalni-kutovi-na-podru%C4%8Dju-Hrvatske.pdf\" target=\"_blank\" rel=\"noopener noreferrer\">Autohtoni, rimski i orijentalni kultovi na podru\u010dju Hrvatske<\/a>,\u00a03 ECTS<\/li>\n<\/ul>\n<p><span style=\"color: #ff6600;\"><strong>PREDDIPLOMSKI STUDIJ ARHEOLOGIJE &#8211; DVOPREDMETNI STUDIJ<\/strong><\/span><\/p>\n<p>1. SEMESTER<\/p>\n<ul>\n<li><a href=\"https:\/\/arheo.ffzg.unizg.hr\/wp-content\/uploads\/2014\/10\/syll_TTG_Uvod-u-prapovijesnu-arheologiju.pdf\">Uvod u prapovijesnu arheologiju<\/a>, 3 ECTS<\/li>\n<li><a href=\"https:\/\/arheo.ffzg.unizg.hr\/wp-content\/uploads\/2014\/10\/syll_MB_Neolitik-Hrvatske-u-kontekstu-srednje-i-jugoistocne-Europe.pdf\">Neolitik Hrvatske u kontekstu srednje i jugoistocne Europe<\/a>, 6 ECTS<\/li>\n<li><a href=\"https:\/\/arheo.ffzg.unizg.hr\/wp-content\/uploads\/2014\/10\/syll_DRa_Arheologija-i-mediji.pdf\">Arheologija i mediji<\/a>, 3 ECTS<\/li>\n<li><a href=\"https:\/\/arheo.ffzg.unizg.hr\/wp-content\/uploads\/2014\/10\/syll_IM_Dokumentiranje-arheoloskih-nalaza.pdf\">Dokumentiranje arheoloskih nalaza<\/a>, 3 ECTS<\/li>\n<li><a href=\"https:\/\/arheo.ffzg.unizg.hr\/wp-content\/uploads\/2014\/10\/syll_AD_Nacela-arheoloskih-istrazivanja.pdf\">Na\u010dela arheolo\u0161kih istra\u017eivanja<\/a>, 3 ECTS<\/li>\n<li><a href=\"https:\/\/arheo.ffzg.unizg.hr\/wp-content\/uploads\/2014\/10\/syll_NV_Paleoliticki-lovci-i-sakupljaci.pdf\">Paleoliti\u010dki lovci i sakuplja\u010di<\/a>\u00a0+ <a href=\"https:\/\/arheo.ffzg.unizg.hr\/wp-content\/uploads\/2014\/10\/syll_RSK_Paleolitik-i-mezolitik-Hrvatske-proseminar.pdf\">Paleolitik i mezolitik Hrvatske proseminar<\/a>, 6 ECTS<\/li>\n<li>Stru\u010dni izlet i posjet muzeju I, 1 ECTS<\/li>\n<li><a href=\"https:\/\/arheo.ffzg.unizg.hr\/wp-content\/uploads\/2014\/10\/syll_KF_Uvod-u-slavensku-arheologiju.pdf\">Uvod u slavensku arheologiju<\/a>, 3 ECTS<\/li>\n<\/ul>\n<p>3. SEMESTER<\/p>\n<ul>\n<li><a href=\"https:\/\/arheo.ffzg.unizg.hr\/wp-content\/uploads\/2014\/10\/syll_ZH_-Arheologija-bioloskih-ostataka.pdf\">Arheologija biolo\u0161kih ostataka<\/a>, 3 ECTS<\/li>\n<li><a href=\"https:\/\/arheo.ffzg.unizg.hr\/wp-content\/uploads\/2014\/10\/syll_AAB_Arheologija-i-povijest-srednjeg-vijeka.pdf\">Arheologija i povijest srednjeg vijeka<\/a>, 3 ECTS<\/li>\n<li><a href=\"https:\/\/arheo.ffzg.unizg.hr\/wp-content\/uploads\/2014\/10\/syll_JMM_Broncano-doba-Hrvatske-u-kontekstu-srednje-i-jugoistocne-Europe.pdf\">Bron\u010dano doba Hrvatske u kontekstu srednje i jugoisto\u010dne Europe<\/a>\u00a0+ <a href=\"https:\/\/arheo.ffzg.unizg.hr\/wp-content\/uploads\/2014\/10\/syll_JMM_Arheologija-broncanog-doba-I.pdf\">Arheologija bron\u010danog doba I<\/a>, 6 ECTS<\/li>\n<li><a href=\"https:\/\/arheo.ffzg.unizg.hr\/wp-content\/uploads\/2014\/10\/syll_MR_Crtanje-arheoloskih-pokretnih-spomenika.pdf\">Crtanje pokretnih arheolo\u0161kih nalaza<\/a>, 2 ECTS<\/li>\n<li><a href=\"https:\/\/arheo.ffzg.unizg.hr\/wp-content\/uploads\/2014\/10\/syll_HT_Mikenska-epigrafija.pdf\">Mikenska epigrafija<\/a>, 3 ECTS<\/li>\n<li><a href=\"https:\/\/arheo.ffzg.unizg.hr\/wp-content\/uploads\/2019\/09\/OSNOVE-EGEJSKE-ARHEOLOGIJE-2019-20.pdf\" target=\"_blank\" rel=\"noopener noreferrer\">Osnove egejske arheologije<\/a>, 5 ECTS<\/li>\n<li><a href=\"https:\/\/arheo.ffzg.unizg.hr\/wp-content\/uploads\/2014\/10\/syll_MMB_Osnove-klasicne-arheologije.pdf\">Osnove klasi\u010dne arheologije<\/a>, 5 ECTS<\/li>\n<li><a href=\"https:\/\/arheo.ffzg.unizg.hr\/wp-content\/uploads\/2014\/10\/syll_ZSK_Proseminar-iz-klasicne-arheologije.pdf\">Proseminar iz klasi\u010dne arheologije<\/a>, 3 ECTS<\/li>\n<li>Stru\u010dni izlet i posjet muzeju III, 1 ECTS<\/li>\n<li><a href=\"https:\/\/arheo.ffzg.unizg.hr\/wp-content\/uploads\/2014\/10\/syll_ZH_Zooarheologija.pdf\">Zooarheologija<\/a>, 3 ECTS<\/li>\n<\/ul>\n<p>5. SEMESTER<\/p>\n<ul>\n<li><a href=\"https:\/\/arheo.ffzg.unizg.hr\/wp-content\/uploads\/2017\/10\/Syll_Uvod-u-provincijalnu-arheologiju-Proseminar-iz-provincijalne-arheologije.pdf\" target=\"_blank\" rel=\"noopener noreferrer\">Uvod u provincijalnu arheologiju<\/a>, 5 ECTS<\/li>\n<li><a href=\"https:\/\/arheo.ffzg.unizg.hr\/wp-content\/uploads\/2014\/10\/syll_DD_Epigrafika1.pdf\">Epigrafika<\/a>, 3 ECTS<\/li>\n<li><a href=\"https:\/\/arheo.ffzg.unizg.hr\/wp-content\/uploads\/2014\/10\/Syll_MS_Iliri-Grci-i-Rimljani-u-Iliriku.pdf\">Iliri Grci i Rimljani u Iliriku<\/a>, 5 ECTS<\/li>\n<li><a href=\"https:\/\/arheo.ffzg.unizg.hr\/wp-content\/uploads\/2014\/10\/syll_HT_Mikenska-epigrafija1.pdf\">Mikenska epigrafija<\/a>, 3 ECTS<\/li>\n<li><a href=\"https:\/\/arheo.ffzg.unizg.hr\/wp-content\/uploads\/2014\/10\/syll_AP_Numizmatika.pdf\">Numizmatika<\/a>, 3 ECTS<\/li>\n<li><a href=\"https:\/\/arheo.ffzg.unizg.hr\/wp-content\/uploads\/2014\/10\/syll_JS_Opca-srednjovjekovna-arheologija.pdf\">Op\u0107a srednjovjekovna arheologija<\/a>, 3 ECTS<\/li>\n<li>Stru\u010dni izlet i posjet muzeju V, 1 ECTS<\/li>\n<li><a href=\"https:\/\/arheo.ffzg.unizg.hr\/wp-content\/uploads\/2015\/10\/Syll_Svakodnevni-\u017eivot-u-rimskim-provincijama-_51124_-DT-pregledao.pdf\" target=\"_blank\" rel=\"noopener noreferrer\">Svakodnevni \u017eivot u rimskim provincijama<\/a>, 2 ECTS<\/li>\n<li><a href=\"https:\/\/arheo.ffzg.unizg.hr\/wp-content\/uploads\/2014\/10\/syll_KF_Velika-seoba-naroda.pdf\">Velika seoba naroda<\/a>, 5 ECTS<\/li>\n<li><a href=\"https:\/\/arheo.ffzg.unizg.hr\/provincijalna\/wp-content\/uploads\/2017\/10\/Syllabus-Autohtoni-rimski-i-orijentalni-kutovi-na-podru%C4%8Dju-Hrvatske.pdf\" target=\"_blank\" rel=\"noopener noreferrer\">Autohtoni, rimski i orijentalni kultovi na podru\u010dju Hrvatske<\/a>,\u00a03 ECTS<\/li>\n<\/ul>\n","protected":false},"excerpt":{"rendered":"<p>PREDDIPLOMSKI STUDIJ ARHEOLOGIJE &#8211; JEDNOPREDMETNI STUDIJ 1. SEMESTER Uvod u prapovijesnu arheologiju, 3 ECTS Neolitik Hrvatske u kontekstu srednje i jugoistocne Europe, 6 ECTS Arheologija i mediji, 3 ECTS Dokumentiranje arheoloskih nalaza, 3 ECTS Na\u010dela arheolo\u0161kih istra\u017eivanja, 3 ECTS Paleoliti\u010dki lovci i sakuplja\u010di\u00a0+ Paleolitik i mezolitik Hrvatske proseminar, 6 ECTS Stru\u010dni izlet i posjet muzeju [&hellip;]<\/p>\n","protected":false},"author":3,"featured_media":0,"parent":67,"menu_order":0,"comment_status":"closed","ping_status":"closed","template":"","meta":{"footnotes":""},"class_list":["post-184","page","type-page","status-publish","hentry"],"_links":{"self":[{"href":"https:\/\/arheo.ffzg.unizg.hr\/index.php?rest_route=\/wp\/v2\/pages\/184","targetHints":{"allow":["GET"]}}],"collection":[{"href":"https:\/\/arheo.ffzg.unizg.hr\/index.php?rest_route=\/wp\/v2\/pages"}],"about":[{"href":"https:\/\/arheo.ffzg.unizg.hr\/index.php?rest_route=\/wp\/v2\/types\/page"}],"author":[{"embeddable":true,"href":"https:\/\/arheo.ffzg.unizg.hr\/index.php?rest_route=\/wp\/v2\/users\/3"}],"replies":[{"embeddable":true,"href":"https:\/\/arheo.ffzg.unizg.hr\/index.php?rest_route=%2Fwp%2Fv2%2Fcomments&post=184"}],"version-history":[{"count":10,"href":"https:\/\/arheo.ffzg.unizg.hr\/index.php?rest_route=\/wp\/v2\/pages\/184\/revisions"}],"predecessor-version":[{"id":4656,"href":"https:\/\/arheo.ffzg.unizg.hr\/index.php?rest_route=\/wp\/v2\/pages\/184\/revisions\/4656"}],"up":[{"embeddable":true,"href":"https:\/\/arheo.ffzg.unizg.hr\/index.php?rest_route=\/wp\/v2\/pages\/67"}],"wp:attachment":[{"href":"https:\/\/arheo.ffzg.unizg.hr\/index.php?rest_route=%2Fwp%2Fv2%2Fmedia&parent=184"}],"curies":[{"name":"wp","href":"https:\/\/api.w.org\/{rel}","templated":true}]}}